{"id":6757,"date":"2011-11-26T14:08:27","date_gmt":"2011-11-26T13:08:27","guid":{"rendered":"https:\/\/uruloki.org\/felipeblog\/?page_id=6757"},"modified":"2011-11-26T14:08:27","modified_gmt":"2011-11-26T13:08:27","slug":"transformers-3-y-la-triloga-de-la-saga-ya-en-dvd-y-blu-ray","status":"publish","type":"page","link":"https:\/\/www.uruloki.org\/felipeblog\/transformers-3-y-la-triloga-de-la-saga-ya-en-dvd-y-blu-ray","title":{"rendered":"Transformers 3 y la trilog&iacute;a de la saga ya en DVD y Blu-Ray"},"content":{"rendered":"<blockquote><p>Un  misterioso suceso del pasado de la Tierra amenaza con iniciar una guerra tan  grande, que ni los Transformers ser&aacute;n capaces de salvar al Planeta. Sam  Witwicky (Shia LaBeouf) y los Autobots&trade; han de luchar contra la oscuridad para  defender a nuestro mundo de la incre&iacute;ble maldad de los Decepticons&trade;, en este  gran triunfo del director Michael Bay y del productor ejecutivo Steven  Spielberg<\/p><\/blockquote>\n<p>Con movito del lanzamiento el pasado 16 de noviembre de <a href=\"http:\/\/www.imdb.es\/title\/tt1399103\/\" target=\"_blank\">Transformers: el lado oscuro de la luna<\/a> (<em>Transformers: Dark of the Moon<\/em>, 2011) y de la trilog&iacute;a de la saga completa en un pack especial en DVD y Blu-Ray, nada mejor que disfrutar nuevamente en casa de este espect&aacute;culo visual gestado por el equipo creativo que encabeza el siempre pirot&eacute;cnico <a href=\"http:\/\/www.imdb.es\/name\/nm0000881\/\" target=\"_blank\">Michael Bay<\/a>. <strong>Paramount Pictures<\/strong> tira la casa por la ventana y nos ofrece la saga completa de la batalla entre <strong>Autobots<\/strong> y <strong>Decepticons<\/strong> al tiempo que lanza en solitario el &uacute;ltimo episodio hasta la fecha de la saga. El film est&aacute; protagonizado por <a href=\"http:\/\/www.imdb.es\/name\/nm0479471\/\" target=\"_blank\">Shia LaBeouf<\/a>, <a href=\"http:\/\/www.imdb.es\/name\/nm2492819\/\" target=\"_blank\">Rosie Huntington-Whiteley<\/a>, sustituta de <a href=\"http:\/\/www.imdb.es\/name\/nm1083271\/\" target=\"_blank\">Megan Fox<\/a>, <a href=\"http:\/\/www.imdb.es\/name\/nm0876138\/\" target=\"_blank\">Alan Tudyk<\/a>, <a href=\"http:\/\/www.imdb.es\/name\/nm0000518\/\" target=\"_blank\">John Malkovich<\/a> o <a href=\"http:\/\/www.imdb.es\/name\/nm0421822\/\" target=\"_blank\">Ken Jeong<\/a>, estos tres en papeles inclasificables y dif&iacute;cilmente m&aacute;s histri&oacute;nicos. Junto a <a href=\"http:\/\/www.imdb.es\/title\/tt1055369\/\" target=\"_blank\">Transformers: la venganza de los ca&iacute;dos<\/a> (<em>Transformers: Revenge of the Fallen<\/em>, 2009), a la que supera con creces, esta tercera parte completa el c&iacute;rculo logrando ponerse a la altura argumental y de entretenimiento de <a href=\"http:\/\/www.imdb.es\/title\/tt0418279\/\" target=\"_blank\">Transformers<\/a> (2007). Eso si, en cuanto a efectos visuales es un verdadero desparrame de dimensiones, en este caso, lunares. Y claro, un anuncio de estas dimensiones no puede hacerse sin presentaros la oportunidad de haceros  con una edici&oacute;n en DVD de <strong>Transformers: el lado oscuro de la luna<\/strong>&#8230; todos atentos a las 20 horas del viernes 9 de diciembre!<\/p>\n<p class=\"centrado\"><img loading=\"lazy\" decoding=\"async\" src=\"https:\/\/uruloki.org\/felipeblog\/images2011-2\/20111124-transformers3.jpg\" alt=\"Car&aacute;tulas de Transformers\" width=\"480\" height=\"480\" \/><\/p>\n<p>Para aquellos que no pod&aacute;is esperar os comento brevemente las ediciones que han sacado a la venta los responsables de <strong>Paramount Pictures<\/strong>.<\/p>\n<p>Edici&oacute;n en Blu-Ray de <strong>Transformers: el lado oscuro de la luna<\/strong><\/p>\n<ul>\n<li><strong>Contenido:<\/strong>&nbsp;Blu-ray + DVD.<\/li>\n<li><strong>Imagen:<\/strong> 2.40:1 1080p (Alta Definici&oacute;n).<\/li>\n<li><strong>Audio:<\/strong>\n<ul>\n<li>Dolby TrueHD 7.1 Ingl&eacute;s.<\/li>\n<li>Dolby Digital 5.1 Castellano, Alem&aacute;n, Franc&eacute;s, Italiano, Dan&eacute;s, Sueco, Noruego, Finland&eacute;s.<\/li>\n<\/ul>\n<\/li>\n<li><strong>Subt&iacute;tulos:<\/strong> Ingl&eacute;s, Castellano, Alem&aacute;n, Franc&eacute;s, Italiano, Holand&eacute;s, Ingl&eacute;s para sordos. <\/li>\n<\/ul>\n<p>Edici&oacute;n en DVD de <strong>Transformers: el lado oscuro de la luna<\/strong><\/p>\n<ul>\n<li><strong>Contenido:<\/strong> 1 Disco.<\/li>\n<li><strong>Imagen:<\/strong> 2.40:1 16\/9 anam&oacute;rfica.<\/li>\n<li><strong>Audio:<\/strong> Dolby Digital 5.1 Ingl&eacute;s, Castellano.<\/li>\n<li><strong>Subt&iacute;tulos:<\/strong> Ingl&eacute;s, Castellano.<\/li>\n<\/ul>\n<p>En cuanto a las trilog&iacute;a completa, pues lo obvio&#8230; una edici&oacute;n en DVD y otra en Blu-Ray.<\/p>\n<ul>\n<li><strong>Transformers<\/strong><\/li>\n<li><strong>Transformers 2: La Venganza de los Ca&iacute;dos<\/strong><\/li>\n<li><strong>Transformers 3: El Lado Oscuro de la Luna<\/strong><\/li>\n<\/ul>\n<p>Y recordad&#8230; <strong>Transformers 3<\/strong> ya est&aacute; a la venta en DVD y Blu-ray combo (Blu-ray + DVD). Tambi&eacute;n pod&eacute;is disfrutar de la <strong>Trilog&iacute;a Autobot completa<\/strong> en DVD y Blu-ray. <\/p>\n<p><em>Todo el material aqu&iacute; expuesto es propiedad de Paramount Pictures.<\/em><\/p>\n","protected":false},"excerpt":{"rendered":"<p>Un misterioso suceso del pasado de la Tierra amenaza con iniciar una guerra tan grande, que ni los Transformers ser&aacute;n capaces de salvar al Planeta. Sam Witwicky (Shia LaBeouf) y los Autobots&trade; han de luchar contra la oscuridad para defender a nuestro mundo de la incre&iacute;ble maldad de los Decepticons&trade;, en este gran triunfo del [&hellip;]<\/p>\n","protected":false},"author":28,"featured_media":0,"parent":0,"menu_order":0,"comment_status":"open","ping_status":"open","template":"","meta":{"footnotes":""},"class_list":["post-6757","page","type-page","status-publish","hentry"],"yoast_head":"<!-- This site is optimized with the Yoast SEO plugin v24.3 - https:\/\/yoast.com\/wordpress\/plugins\/seo\/ -->\n<title>Transformers 3 y la trilog&iacute;a de la saga ya en DVD y Blu-Ray - Uruloki :: Blog<\/title>\n<meta name=\"robots\" content=\"index, follow, max-snippet:-1, max-image-preview:large, max-video-preview:-1\" \/>\n<link rel=\"canonical\" href=\"https:\/\/www.uruloki.org\/felipeblog\/transformers-3-y-la-triloga-de-la-saga-ya-en-dvd-y-blu-ray\" \/>\n<meta property=\"og:locale\" content=\"es_ES\" \/>\n<meta property=\"og:type\" content=\"article\" \/>\n<meta property=\"og:title\" content=\"Transformers 3 y la trilog&iacute;a de la saga ya en DVD y Blu-Ray - Uruloki :: Blog\" \/>\n<meta property=\"og:description\" content=\"Un misterioso suceso del pasado de la Tierra amenaza con iniciar una guerra tan grande, que ni los Transformers ser&aacute;n capaces de salvar al Planeta. Sam Witwicky (Shia LaBeouf) y los Autobots&trade; han de luchar contra la oscuridad para defender a nuestro mundo de la incre&iacute;ble maldad de los Decepticons&trade;, en este gran triunfo del [&hellip;]\" \/>\n<meta property=\"og:url\" content=\"https:\/\/www.uruloki.org\/felipeblog\/transformers-3-y-la-triloga-de-la-saga-ya-en-dvd-y-blu-ray\" \/>\n<meta property=\"og:site_name\" content=\"Uruloki :: Blog\" \/>\n<meta property=\"article:publisher\" content=\"https:\/\/www.facebook.com\/uruloki.org\" \/>\n<meta property=\"og:image\" content=\"https:\/\/uruloki.org\/felipeblog\/images2011-2\/20111124-transformers3.jpg\" \/>\n<meta name=\"twitter:card\" content=\"summary_large_image\" \/>\n<meta name=\"twitter:site\" content=\"@uruloki\" \/>\n<meta name=\"twitter:label1\" content=\"Tiempo de lectura\" \/>\n\t<meta name=\"twitter:data1\" content=\"3 minutos\" \/>\n<script type=\"application\/ld+json\" class=\"yoast-schema-graph\">{\"@context\":\"https:\/\/schema.org\",\"@graph\":[{\"@type\":\"WebPage\",\"@id\":\"https:\/\/www.uruloki.org\/felipeblog\/transformers-3-y-la-triloga-de-la-saga-ya-en-dvd-y-blu-ray\",\"url\":\"https:\/\/www.uruloki.org\/felipeblog\/transformers-3-y-la-triloga-de-la-saga-ya-en-dvd-y-blu-ray\",\"name\":\"Transformers 3 y la trilog&iacute;a de la saga ya en DVD y Blu-Ray - Uruloki :: Blog\",\"isPartOf\":{\"@id\":\"https:\/\/www.uruloki.org\/felipeblog\/#website\"},\"primaryImageOfPage\":{\"@id\":\"https:\/\/www.uruloki.org\/felipeblog\/transformers-3-y-la-triloga-de-la-saga-ya-en-dvd-y-blu-ray#primaryimage\"},\"image\":{\"@id\":\"https:\/\/www.uruloki.org\/felipeblog\/transformers-3-y-la-triloga-de-la-saga-ya-en-dvd-y-blu-ray#primaryimage\"},\"thumbnailUrl\":\"https:\/\/uruloki.org\/felipeblog\/images2011-2\/20111124-transformers3.jpg\",\"datePublished\":\"2011-11-26T13:08:27+00:00\",\"dateModified\":\"2011-11-26T13:08:27+00:00\",\"breadcrumb\":{\"@id\":\"https:\/\/www.uruloki.org\/felipeblog\/transformers-3-y-la-triloga-de-la-saga-ya-en-dvd-y-blu-ray#breadcrumb\"},\"inLanguage\":\"es\",\"potentialAction\":[{\"@type\":\"ReadAction\",\"target\":[\"https:\/\/www.uruloki.org\/felipeblog\/transformers-3-y-la-triloga-de-la-saga-ya-en-dvd-y-blu-ray\"]}]},{\"@type\":\"ImageObject\",\"inLanguage\":\"es\",\"@id\":\"https:\/\/www.uruloki.org\/felipeblog\/transformers-3-y-la-triloga-de-la-saga-ya-en-dvd-y-blu-ray#primaryimage\",\"url\":\"https:\/\/uruloki.org\/felipeblog\/images2011-2\/20111124-transformers3.jpg\",\"contentUrl\":\"https:\/\/uruloki.org\/felipeblog\/images2011-2\/20111124-transformers3.jpg\"},{\"@type\":\"BreadcrumbList\",\"@id\":\"https:\/\/www.uruloki.org\/felipeblog\/transformers-3-y-la-triloga-de-la-saga-ya-en-dvd-y-blu-ray#breadcrumb\",\"itemListElement\":[{\"@type\":\"ListItem\",\"position\":1,\"name\":\"Portada\",\"item\":\"https:\/\/www.uruloki.org\/felipeblog\"},{\"@type\":\"ListItem\",\"position\":2,\"name\":\"Transformers 3 y la trilog&iacute;a de la saga ya en DVD y Blu-Ray\"}]},{\"@type\":\"WebSite\",\"@id\":\"https:\/\/www.uruloki.org\/felipeblog\/#website\",\"url\":\"https:\/\/www.uruloki.org\/felipeblog\/\",\"name\":\"Uruloki :: Blog\",\"description\":\"Blog de cine, terror, ciencia ficci\u00f3n, fantas\u00eda y c\u00f3mics\",\"potentialAction\":[{\"@type\":\"SearchAction\",\"target\":{\"@type\":\"EntryPoint\",\"urlTemplate\":\"https:\/\/www.uruloki.org\/felipeblog\/?s={search_term_string}\"},\"query-input\":{\"@type\":\"PropertyValueSpecification\",\"valueRequired\":true,\"valueName\":\"search_term_string\"}}],\"inLanguage\":\"es\"}]}<\/script>\n<!-- \/ Yoast SEO plugin. -->","yoast_head_json":{"title":"Transformers 3 y la trilog&iacute;a de la saga ya en DVD y Blu-Ray - Uruloki :: Blog","robots":{"index":"index","follow":"follow","max-snippet":"max-snippet:-1","max-image-preview":"max-image-preview:large","max-video-preview":"max-video-preview:-1"},"canonical":"https:\/\/www.uruloki.org\/felipeblog\/transformers-3-y-la-triloga-de-la-saga-ya-en-dvd-y-blu-ray","og_locale":"es_ES","og_type":"article","og_title":"Transformers 3 y la trilog&iacute;a de la saga ya en DVD y Blu-Ray - Uruloki :: Blog","og_description":"Un misterioso suceso del pasado de la Tierra amenaza con iniciar una guerra tan grande, que ni los Transformers ser&aacute;n capaces de salvar al Planeta. Sam Witwicky (Shia LaBeouf) y los Autobots&trade; han de luchar contra la oscuridad para defender a nuestro mundo de la incre&iacute;ble maldad de los Decepticons&trade;, en este gran triunfo del [&hellip;]","og_url":"https:\/\/www.uruloki.org\/felipeblog\/transformers-3-y-la-triloga-de-la-saga-ya-en-dvd-y-blu-ray","og_site_name":"Uruloki :: Blog","article_publisher":"https:\/\/www.facebook.com\/uruloki.org","og_image":[{"url":"https:\/\/uruloki.org\/felipeblog\/images2011-2\/20111124-transformers3.jpg","type":"","width":"","height":""}],"twitter_card":"summary_large_image","twitter_site":"@uruloki","twitter_misc":{"Tiempo de lectura":"3 minutos"},"schema":{"@context":"https:\/\/schema.org","@graph":[{"@type":"WebPage","@id":"https:\/\/www.uruloki.org\/felipeblog\/transformers-3-y-la-triloga-de-la-saga-ya-en-dvd-y-blu-ray","url":"https:\/\/www.uruloki.org\/felipeblog\/transformers-3-y-la-triloga-de-la-saga-ya-en-dvd-y-blu-ray","name":"Transformers 3 y la trilog&iacute;a de la saga ya en DVD y Blu-Ray - Uruloki :: Blog","isPartOf":{"@id":"https:\/\/www.uruloki.org\/felipeblog\/#website"},"primaryImageOfPage":{"@id":"https:\/\/www.uruloki.org\/felipeblog\/transformers-3-y-la-triloga-de-la-saga-ya-en-dvd-y-blu-ray#primaryimage"},"image":{"@id":"https:\/\/www.uruloki.org\/felipeblog\/transformers-3-y-la-triloga-de-la-saga-ya-en-dvd-y-blu-ray#primaryimage"},"thumbnailUrl":"https:\/\/uruloki.org\/felipeblog\/images2011-2\/20111124-transformers3.jpg","datePublished":"2011-11-26T13:08:27+00:00","dateModified":"2011-11-26T13:08:27+00:00","breadcrumb":{"@id":"https:\/\/www.uruloki.org\/felipeblog\/transformers-3-y-la-triloga-de-la-saga-ya-en-dvd-y-blu-ray#breadcrumb"},"inLanguage":"es","potentialAction":[{"@type":"ReadAction","target":["https:\/\/www.uruloki.org\/felipeblog\/transformers-3-y-la-triloga-de-la-saga-ya-en-dvd-y-blu-ray"]}]},{"@type":"ImageObject","inLanguage":"es","@id":"https:\/\/www.uruloki.org\/felipeblog\/transformers-3-y-la-triloga-de-la-saga-ya-en-dvd-y-blu-ray#primaryimage","url":"https:\/\/uruloki.org\/felipeblog\/images2011-2\/20111124-transformers3.jpg","contentUrl":"https:\/\/uruloki.org\/felipeblog\/images2011-2\/20111124-transformers3.jpg"},{"@type":"BreadcrumbList","@id":"https:\/\/www.uruloki.org\/felipeblog\/transformers-3-y-la-triloga-de-la-saga-ya-en-dvd-y-blu-ray#breadcrumb","itemListElement":[{"@type":"ListItem","position":1,"name":"Portada","item":"https:\/\/www.uruloki.org\/felipeblog"},{"@type":"ListItem","position":2,"name":"Transformers 3 y la trilog&iacute;a de la saga ya en DVD y Blu-Ray"}]},{"@type":"WebSite","@id":"https:\/\/www.uruloki.org\/felipeblog\/#website","url":"https:\/\/www.uruloki.org\/felipeblog\/","name":"Uruloki :: Blog","description":"Blog de cine, terror, ciencia ficci\u00f3n, fantas\u00eda y c\u00f3mics","potentialAction":[{"@type":"SearchAction","target":{"@type":"EntryPoint","urlTemplate":"https:\/\/www.uruloki.org\/felipeblog\/?s={search_term_string}"},"query-input":{"@type":"PropertyValueSpecification","valueRequired":true,"valueName":"search_term_string"}}],"inLanguage":"es"}]}},"_links":{"self":[{"href":"https:\/\/www.uruloki.org\/felipeblog\/wp-json\/wp\/v2\/pages\/6757","targetHints":{"allow":["GET"]}}],"collection":[{"href":"https:\/\/www.uruloki.org\/felipeblog\/wp-json\/wp\/v2\/pages"}],"about":[{"href":"https:\/\/www.uruloki.org\/felipeblog\/wp-json\/wp\/v2\/types\/page"}],"author":[{"embeddable":true,"href":"https:\/\/www.uruloki.org\/felipeblog\/wp-json\/wp\/v2\/users\/28"}],"replies":[{"embeddable":true,"href":"https:\/\/www.uruloki.org\/felipeblog\/wp-json\/wp\/v2\/comments?post=6757"}],"version-history":[{"count":1,"href":"https:\/\/www.uruloki.org\/felipeblog\/wp-json\/wp\/v2\/pages\/6757\/revisions"}],"predecessor-version":[{"id":6758,"href":"https:\/\/www.uruloki.org\/felipeblog\/wp-json\/wp\/v2\/pages\/6757\/revisions\/6758"}],"wp:attachment":[{"href":"https:\/\/www.uruloki.org\/felipeblog\/wp-json\/wp\/v2\/media?parent=6757"}],"curies":[{"name":"wp","href":"https:\/\/api.w.org\/{rel}","templated":true}]}}