{"id":4764,"date":"2010-10-24T23:33:48","date_gmt":"2010-10-24T21:33:48","guid":{"rendered":"https:\/\/uruloki.org\/felipeblog"},"modified":"2010-10-25T13:18:17","modified_gmt":"2010-10-25T11:18:17","slug":"sony-pictures-h-e-nos-presenta-legin-de-scott-stewart","status":"publish","type":"page","link":"https:\/\/www.uruloki.org\/felipeblog\/sony-pictures-h-e-nos-presenta-legin-de-scott-stewart","title":{"rendered":"Sony Pictures H. E. nos presenta Legi&oacute;n de Scott Stewart&#8230;"},"content":{"rendered":"<p><strong>Legi&oacute;n<\/strong> (<em>Legion<\/em>, 2010)&#8230;<\/p>\n<blockquote><p><strong>Dios<\/strong> ha perdido la fe en el ser humano, as&iacute; que ha  decidido enviar a su legi&oacute;n de &aacute;ngeles a la Tierra para exterminar a la  raza humana por segunda vez en la <strong>Historia<\/strong>. La &uacute;nica esperanza recae sobre un grupo de <strong>rebeldes<\/strong> escondidos en mitad del desierto, que recibir&aacute;n la ayuda del mism&iacute;simo arc&aacute;ngel <strong>Miguel<\/strong> (Paul Bettany)&#8230; <\/p><\/blockquote>\n<p><strong>Scott Stewart<\/strong>, responsable absoluto de esta pel&iacute;cula, y que adem&aacute;s es <em>opera prima<\/em>, es uno de esos &quot;magos&quot; de los efectos especiales que a lo largo de muchos a&ntilde;os ha colaborado con las grandes compa&ntilde;&iacute;as del mundillo para crear trucos visuales inigualables de films de reconocimiento como <em>Blade Runner<\/em>, <em>Mars Attacks!<\/em>, <em>Parque Jur&aacute;sico<\/em>, <em>Sin City<\/em>, la saga <em>Harry Potter<\/em>, la de los <em>Piratas del Caribe<\/em> o <em>The Host<\/em>.  <strong>Stewart<\/strong> por lo tanto debuta como director y escritor en este <em>thriller<\/em> sobrenatural y apocal&iacute;ptico que <strong>acaba de lanzarse el pasado 19 de octubre en DVD y Blu-Ray en Espa&ntilde;a<\/strong>. Con su primer trabajo ya presentado al gran p&uacute;blico, <strong>Stewart<\/strong> se encuentra ahora trabajando en <strong>El sicario de Dios<\/strong> (<em>Priest<\/em>, 2010) tambi&eacute;n para Screen Gems \/ Sony Pictures, un <em>western<\/em> vamp&iacute;rico basado en la obra gr&aacute;fica \/ <em>manhwa<\/em> de <strong>Hyung Min-woo<\/strong> y que se estrenar&aacute; a lo largo del 2011.<\/p>\n<p>Legi&oacute;n es <strong>una  mezcla de acci&oacute;n y mitolog&iacute;a real<\/strong> en la que los personajes tienen tanta importancia como la historia en s&iacute;, porque, como afirma el director &ldquo;<em>si uno no tiene en cuenta a los personajes y se preocupa por ellos, la historia le tendr&aacute; totalmente sin cuidado<\/em>&rdquo;. <\/p>\n<p>Tambi&eacute;n se concibe el film como <strong>un cuento moral oscuro, una pel&iacute;cula de acci&oacute;n<\/strong>. El director afirma que <strong>Terminator<\/strong> (<em>The Terminator<\/em>, 1984) ha influenciado bastante en la construcci&oacute;n de esta pel&iacute;cula y que las dos se asemejan sobre todo en la forma que tienen de explorar grandes ideas, de una forma intensa y buscando esa &quot;monta&ntilde;a rusa&quot; de sucesos y sensaciones que har&aacute;n que el espectador no se despegue del asiento. &quot;<em>La &uacute;ltima vez que Dios perdi&oacute; la f&eacute; en el hombre, envi&oacute; una inundaci&oacute;n. Esta vez, ha enviado lo que ves ah&iacute; fuera<\/em>&quot;, esta l&iacute;nea de <strong>Paul Bettany<\/strong> en la pel&iacute;cula es reveladora en tanto en cuanto los personajes en ese momento se dan cuenta de la importancia que van a tener sus acciones y de la relevancia del asunto. <\/p>\n<p>Con motivo del lanzamiento por parte de <strong>Sony Picture H.E.<\/strong> de Legi&oacute;n en dos soportes, DVD y Blu-Ray, desde <strong>Uruloki<\/strong> fomentamos el culto al cine anunciando un nuevo concurso donde <strong>se regalar&aacute;n 2 ediciones en formato DVD del film<\/strong>! El concurso <strong>se celebrar&aacute; el pr&oacute;ximo viernes 29 a las 20:00<\/strong> (hora espa&ntilde;ola) siguiendo el sistema habitual de preguntas con truco para avispados lectores. Las condiciones del concurso se publicar&aacute;n con el mismo, pero b&aacute;sicamente las de siempre, limitado al territorio espa&ntilde;ol, habr&aacute; dos ganadores y cada uno se llevar&aacute; un DVD. Un aviso, debido a problemas de log&iacute;stica <strong>las pel&iacute;culas no podr&aacute;n ser enviadas hasta la semana del 8 de noviembre<\/strong>. Pues nada, las caracter&iacute;sticas de cada edici&oacute;n las ten&eacute;is aqu&iacute; mismo.<\/p>\n<p class=\"centrado\"><img loading=\"lazy\" decoding=\"async\" src=\"https:\/\/uruloki.org\/felipeblog\/images2010-2\/20101024-legion-dvd.jpg\" alt=\"Edici&oacute;n en DVD de Legi&oacute;n\" width=\"400\" height=\"515\" \/><\/p>\n<p>Caracter&iacute;sticas de la edici&oacute;n en DVD de Legi&oacute;n:<\/p>\n<ul>\n<li><strong>Contenido:<\/strong> 1 Disco. <\/li>\n<li><strong>Imagen:<\/strong> 2.40:1 16\/9 anam&oacute;rfica. <\/li>\n<li><strong>Audio:<\/strong> Dolby Digital 5.1 Ingl&eacute;s, Castellano, Catal&aacute;n, Franc&eacute;s. <\/li>\n<li><strong>Subt&iacute;tulos:<\/strong> Ingl&eacute;s, Castellano, Franc&eacute;s, Portugu&eacute;s, Holand&eacute;s.<\/li>\n<li>Contenidos Extra:\n<ul>\n<li>La creaci&oacute;n del Apocalipsis: Lo que hay detr&aacute;s de los efectos f&iacute;sicos. <\/li>\n<li>La &uacute;ltima l&iacute;nea de defensa de la humanidad: Los actores y los personajes. <\/li>\n<li>De los p&iacute;xeles a la imagen: Una mirada a los efectos visuales. <\/li>\n<\/ul>\n<\/li>\n<\/ul>\n<p class=\"centrado\"><img loading=\"lazy\" decoding=\"async\" src=\"https:\/\/uruloki.org\/felipeblog\/images2010-2\/20101024-legion-bluray.jpg\" alt=\"Edici&oacute;n en Blu-Ray de Legi&oacute;n\" width=\"400\" height=\"495\" \/><\/p>\n<p>Caracter&iacute;sticas de la edici&oacute;n en Blu-Ray de Legi&oacute;n:<\/p>\n<ul>\n<li><strong>Contenido:<\/strong> 1 Disco. <\/li>\n<li><strong>Imagen:<\/strong> 2.40:1 1080p (Alta Definici&oacute;n). <\/li>\n<li><strong>Audio:<\/strong>\n<ul>\n<li>DTS-HD Master Audio 5.1 Ingl&eacute;s, Castellano, Franc&eacute;s. <\/li>\n<li>Dolby Digital 5.1 Catal&aacute;n.<\/li>\n<\/ul>\n<\/li>\n<li><strong>Subt&iacute;tulos:<\/strong> Ingl&eacute;s, Castellano, Franc&eacute;s, Portugu&eacute;s, Holand&eacute;s, Dan&eacute;s, Finland&eacute;s, Hind&uacute;, Noruego, Sueco<\/li>\n<li>Contenido Extra:\n<ul>\n<li>La creaci&oacute;n del Apocalipsis: Lo que hay detr&aacute;s de los efectos f&iacute;sicos. <\/li>\n<li>La &uacute;ltima l&iacute;nea de defensa de la humanidad: Los actores y los personajes. <\/li>\n<li>De los p&iacute;xeles a la imagen: Una mirada a los efectos visuales. <\/li>\n<li><strong>Exclusivo Blu-ray<\/strong>:\n<ul>\n<li>Traer &Aacute;ngeles a la Tierra (imagen sobre imagen) <\/li>\n<li>C&oacute;mo se dise&ntilde;o Paradise Falls <\/li>\n<li>Dise&ntilde;ado para la acci&oacute;n: el esquema de una escena <\/li>\n<li>Tr&aacute;ilers <\/li>\n<li>BD-Live <\/li>\n<li>MovieIQ<\/li>\n<\/ul>\n<\/li>\n<\/ul>\n<\/li>\n<\/ul>\n<p><em>Todas las im&aacute;genes y contenidos son propiedad de Sony Pictures H. E.<\/em><\/p>\n","protected":false},"excerpt":{"rendered":"<p>Legi&oacute;n (Legion, 2010)&#8230; Dios ha perdido la fe en el ser humano, as&iacute; que ha decidido enviar a su legi&oacute;n de &aacute;ngeles a la Tierra para exterminar a la raza humana por segunda vez en la Historia. La &uacute;nica esperanza recae sobre un grupo de rebeldes escondidos en mitad del desierto, que recibir&aacute;n la ayuda [&hellip;]<\/p>\n","protected":false},"author":28,"featured_media":0,"parent":0,"menu_order":0,"comment_status":"open","ping_status":"open","template":"","meta":{"footnotes":""},"class_list":["post-4764","page","type-page","status-publish","hentry"],"yoast_head":"<!-- This site is optimized with the Yoast SEO plugin v24.3 - https:\/\/yoast.com\/wordpress\/plugins\/seo\/ -->\n<title>Sony Pictures H. E. nos presenta Legi&oacute;n de Scott Stewart... - Uruloki :: Blog<\/title>\n<meta name=\"robots\" content=\"index, follow, max-snippet:-1, max-image-preview:large, max-video-preview:-1\" \/>\n<link rel=\"canonical\" href=\"https:\/\/www.uruloki.org\/felipeblog\/sony-pictures-h-e-nos-presenta-legin-de-scott-stewart\" \/>\n<meta property=\"og:locale\" content=\"es_ES\" \/>\n<meta property=\"og:type\" content=\"article\" \/>\n<meta property=\"og:title\" content=\"Sony Pictures H. E. nos presenta Legi&oacute;n de Scott Stewart... - Uruloki :: Blog\" \/>\n<meta property=\"og:description\" content=\"Legi&oacute;n (Legion, 2010)&#8230; Dios ha perdido la fe en el ser humano, as&iacute; que ha decidido enviar a su legi&oacute;n de &aacute;ngeles a la Tierra para exterminar a la raza humana por segunda vez en la Historia. La &uacute;nica esperanza recae sobre un grupo de rebeldes escondidos en mitad del desierto, que recibir&aacute;n la ayuda [&hellip;]\" \/>\n<meta property=\"og:url\" content=\"https:\/\/www.uruloki.org\/felipeblog\/sony-pictures-h-e-nos-presenta-legin-de-scott-stewart\" \/>\n<meta property=\"og:site_name\" content=\"Uruloki :: Blog\" \/>\n<meta property=\"article:publisher\" content=\"https:\/\/www.facebook.com\/uruloki.org\" \/>\n<meta property=\"article:modified_time\" content=\"2010-10-25T11:18:17+00:00\" \/>\n<meta property=\"og:image\" content=\"https:\/\/uruloki.org\/felipeblog\/images2010-2\/20101024-legion-dvd.jpg\" \/>\n<meta name=\"twitter:card\" content=\"summary_large_image\" \/>\n<meta name=\"twitter:site\" content=\"@uruloki\" \/>\n<meta name=\"twitter:label1\" content=\"Tiempo de lectura\" \/>\n\t<meta name=\"twitter:data1\" content=\"4 minutos\" \/>\n<script type=\"application\/ld+json\" class=\"yoast-schema-graph\">{\"@context\":\"https:\/\/schema.org\",\"@graph\":[{\"@type\":\"WebPage\",\"@id\":\"https:\/\/www.uruloki.org\/felipeblog\/sony-pictures-h-e-nos-presenta-legin-de-scott-stewart\",\"url\":\"https:\/\/www.uruloki.org\/felipeblog\/sony-pictures-h-e-nos-presenta-legin-de-scott-stewart\",\"name\":\"Sony Pictures H. E. nos presenta Legi&oacute;n de Scott Stewart... - Uruloki :: Blog\",\"isPartOf\":{\"@id\":\"https:\/\/www.uruloki.org\/felipeblog\/#website\"},\"primaryImageOfPage\":{\"@id\":\"https:\/\/www.uruloki.org\/felipeblog\/sony-pictures-h-e-nos-presenta-legin-de-scott-stewart#primaryimage\"},\"image\":{\"@id\":\"https:\/\/www.uruloki.org\/felipeblog\/sony-pictures-h-e-nos-presenta-legin-de-scott-stewart#primaryimage\"},\"thumbnailUrl\":\"https:\/\/uruloki.org\/felipeblog\/images2010-2\/20101024-legion-dvd.jpg\",\"datePublished\":\"2010-10-24T21:33:48+00:00\",\"dateModified\":\"2010-10-25T11:18:17+00:00\",\"breadcrumb\":{\"@id\":\"https:\/\/www.uruloki.org\/felipeblog\/sony-pictures-h-e-nos-presenta-legin-de-scott-stewart#breadcrumb\"},\"inLanguage\":\"es\",\"potentialAction\":[{\"@type\":\"ReadAction\",\"target\":[\"https:\/\/www.uruloki.org\/felipeblog\/sony-pictures-h-e-nos-presenta-legin-de-scott-stewart\"]}]},{\"@type\":\"ImageObject\",\"inLanguage\":\"es\",\"@id\":\"https:\/\/www.uruloki.org\/felipeblog\/sony-pictures-h-e-nos-presenta-legin-de-scott-stewart#primaryimage\",\"url\":\"https:\/\/uruloki.org\/felipeblog\/images2010-2\/20101024-legion-dvd.jpg\",\"contentUrl\":\"https:\/\/uruloki.org\/felipeblog\/images2010-2\/20101024-legion-dvd.jpg\"},{\"@type\":\"BreadcrumbList\",\"@id\":\"https:\/\/www.uruloki.org\/felipeblog\/sony-pictures-h-e-nos-presenta-legin-de-scott-stewart#breadcrumb\",\"itemListElement\":[{\"@type\":\"ListItem\",\"position\":1,\"name\":\"Portada\",\"item\":\"https:\/\/www.uruloki.org\/felipeblog\"},{\"@type\":\"ListItem\",\"position\":2,\"name\":\"Sony Pictures H. E. nos presenta Legi&oacute;n de Scott Stewart&#8230;\"}]},{\"@type\":\"WebSite\",\"@id\":\"https:\/\/www.uruloki.org\/felipeblog\/#website\",\"url\":\"https:\/\/www.uruloki.org\/felipeblog\/\",\"name\":\"Uruloki :: Blog\",\"description\":\"Blog de cine, terror, ciencia ficci\u00f3n, fantas\u00eda y c\u00f3mics\",\"potentialAction\":[{\"@type\":\"SearchAction\",\"target\":{\"@type\":\"EntryPoint\",\"urlTemplate\":\"https:\/\/www.uruloki.org\/felipeblog\/?s={search_term_string}\"},\"query-input\":{\"@type\":\"PropertyValueSpecification\",\"valueRequired\":true,\"valueName\":\"search_term_string\"}}],\"inLanguage\":\"es\"}]}<\/script>\n<!-- \/ Yoast SEO plugin. -->","yoast_head_json":{"title":"Sony Pictures H. E. nos presenta Legi&oacute;n de Scott Stewart... - Uruloki :: Blog","robots":{"index":"index","follow":"follow","max-snippet":"max-snippet:-1","max-image-preview":"max-image-preview:large","max-video-preview":"max-video-preview:-1"},"canonical":"https:\/\/www.uruloki.org\/felipeblog\/sony-pictures-h-e-nos-presenta-legin-de-scott-stewart","og_locale":"es_ES","og_type":"article","og_title":"Sony Pictures H. E. nos presenta Legi&oacute;n de Scott Stewart... - Uruloki :: Blog","og_description":"Legi&oacute;n (Legion, 2010)&#8230; Dios ha perdido la fe en el ser humano, as&iacute; que ha decidido enviar a su legi&oacute;n de &aacute;ngeles a la Tierra para exterminar a la raza humana por segunda vez en la Historia. La &uacute;nica esperanza recae sobre un grupo de rebeldes escondidos en mitad del desierto, que recibir&aacute;n la ayuda [&hellip;]","og_url":"https:\/\/www.uruloki.org\/felipeblog\/sony-pictures-h-e-nos-presenta-legin-de-scott-stewart","og_site_name":"Uruloki :: Blog","article_publisher":"https:\/\/www.facebook.com\/uruloki.org","article_modified_time":"2010-10-25T11:18:17+00:00","og_image":[{"url":"https:\/\/uruloki.org\/felipeblog\/images2010-2\/20101024-legion-dvd.jpg","type":"","width":"","height":""}],"twitter_card":"summary_large_image","twitter_site":"@uruloki","twitter_misc":{"Tiempo de lectura":"4 minutos"},"schema":{"@context":"https:\/\/schema.org","@graph":[{"@type":"WebPage","@id":"https:\/\/www.uruloki.org\/felipeblog\/sony-pictures-h-e-nos-presenta-legin-de-scott-stewart","url":"https:\/\/www.uruloki.org\/felipeblog\/sony-pictures-h-e-nos-presenta-legin-de-scott-stewart","name":"Sony Pictures H. E. nos presenta Legi&oacute;n de Scott Stewart... - Uruloki :: Blog","isPartOf":{"@id":"https:\/\/www.uruloki.org\/felipeblog\/#website"},"primaryImageOfPage":{"@id":"https:\/\/www.uruloki.org\/felipeblog\/sony-pictures-h-e-nos-presenta-legin-de-scott-stewart#primaryimage"},"image":{"@id":"https:\/\/www.uruloki.org\/felipeblog\/sony-pictures-h-e-nos-presenta-legin-de-scott-stewart#primaryimage"},"thumbnailUrl":"https:\/\/uruloki.org\/felipeblog\/images2010-2\/20101024-legion-dvd.jpg","datePublished":"2010-10-24T21:33:48+00:00","dateModified":"2010-10-25T11:18:17+00:00","breadcrumb":{"@id":"https:\/\/www.uruloki.org\/felipeblog\/sony-pictures-h-e-nos-presenta-legin-de-scott-stewart#breadcrumb"},"inLanguage":"es","potentialAction":[{"@type":"ReadAction","target":["https:\/\/www.uruloki.org\/felipeblog\/sony-pictures-h-e-nos-presenta-legin-de-scott-stewart"]}]},{"@type":"ImageObject","inLanguage":"es","@id":"https:\/\/www.uruloki.org\/felipeblog\/sony-pictures-h-e-nos-presenta-legin-de-scott-stewart#primaryimage","url":"https:\/\/uruloki.org\/felipeblog\/images2010-2\/20101024-legion-dvd.jpg","contentUrl":"https:\/\/uruloki.org\/felipeblog\/images2010-2\/20101024-legion-dvd.jpg"},{"@type":"BreadcrumbList","@id":"https:\/\/www.uruloki.org\/felipeblog\/sony-pictures-h-e-nos-presenta-legin-de-scott-stewart#breadcrumb","itemListElement":[{"@type":"ListItem","position":1,"name":"Portada","item":"https:\/\/www.uruloki.org\/felipeblog"},{"@type":"ListItem","position":2,"name":"Sony Pictures H. E. nos presenta Legi&oacute;n de Scott Stewart&#8230;"}]},{"@type":"WebSite","@id":"https:\/\/www.uruloki.org\/felipeblog\/#website","url":"https:\/\/www.uruloki.org\/felipeblog\/","name":"Uruloki :: Blog","description":"Blog de cine, terror, ciencia ficci\u00f3n, fantas\u00eda y c\u00f3mics","potentialAction":[{"@type":"SearchAction","target":{"@type":"EntryPoint","urlTemplate":"https:\/\/www.uruloki.org\/felipeblog\/?s={search_term_string}"},"query-input":{"@type":"PropertyValueSpecification","valueRequired":true,"valueName":"search_term_string"}}],"inLanguage":"es"}]}},"_links":{"self":[{"href":"https:\/\/www.uruloki.org\/felipeblog\/wp-json\/wp\/v2\/pages\/4764","targetHints":{"allow":["GET"]}}],"collection":[{"href":"https:\/\/www.uruloki.org\/felipeblog\/wp-json\/wp\/v2\/pages"}],"about":[{"href":"https:\/\/www.uruloki.org\/felipeblog\/wp-json\/wp\/v2\/types\/page"}],"author":[{"embeddable":true,"href":"https:\/\/www.uruloki.org\/felipeblog\/wp-json\/wp\/v2\/users\/28"}],"replies":[{"embeddable":true,"href":"https:\/\/www.uruloki.org\/felipeblog\/wp-json\/wp\/v2\/comments?post=4764"}],"version-history":[{"count":3,"href":"https:\/\/www.uruloki.org\/felipeblog\/wp-json\/wp\/v2\/pages\/4764\/revisions"}],"predecessor-version":[{"id":4774,"href":"https:\/\/www.uruloki.org\/felipeblog\/wp-json\/wp\/v2\/pages\/4764\/revisions\/4774"}],"wp:attachment":[{"href":"https:\/\/www.uruloki.org\/felipeblog\/wp-json\/wp\/v2\/media?parent=4764"}],"curies":[{"name":"wp","href":"https:\/\/api.w.org\/{rel}","templated":true}]}}