{"id":4476,"date":"2010-08-05T23:42:00","date_gmt":"2010-08-05T21:42:00","guid":{"rendered":"https:\/\/uruloki.org\/felipeblog"},"modified":"2010-08-10T18:43:44","modified_gmt":"2010-08-10T16:43:44","slug":"scott-pilgrim-contra-el-mundo-el-videojuego","status":"publish","type":"page","link":"https:\/\/www.uruloki.org\/felipeblog\/scott-pilgrim-contra-el-mundo-el-videojuego","title":{"rendered":"Scott Pilgrim contra el mundo: el videojuego&#8230;"},"content":{"rendered":"<p>Con motivo del inminente lanzamiento de  <strong>Scott Pilgrim contra el Mundo: el Videojuego<\/strong>, <strong>Ubisoft<\/strong> nos confirma que el juego basado en la galardonada serie de novelas gr&aacute;ficas del dibujante y escritor canadiense <strong>Bryan Lee O&#8217;Malley<\/strong> tiene previsto su <strong>lanzamiento en PlayStation Network en verano de 2010<\/strong>!!! Para ser m&aacute;s exacto el <strong>11 de agosto<\/strong>!!! Por ello, <strong>Ubisoft<\/strong> y <strong>Uruloki<\/strong> colaboran en la promoci&oacute;n del videojuego y maquinan un fabuloso concurso donde <strong>se regalar&aacute;n 2 c&oacute;digos para descarg&aacute;rselo<\/strong> de la <strong>PlayStation Network<\/strong>!!! Usuarios de <strong>PlayStation 3<\/strong>, poneos las pilas!!!<\/p>\n<p>El concurso <strong>se celebrar&aacute; el pr&oacute;ximo d&iacute;a 18 de agosto a las 20:00<\/strong> (hora peninsular), justo una semana despu&eacute;s de la salida del juego en la <strong>PSN<\/strong>. Aunque lo he intentado buscando poder abrir el acceso a este fabuloso premio a visitantes internacionales, nuevamente tengo que indicar que los premios solo ser&aacute;n v&aacute;lidos para el territorio nacional, cosas de la red de Sony. De todas formas est&aacute;is todos invitados a participar en el concurso que seguir&aacute; la habitual t&oacute;nica de 3 retorcidas preguntas para aut&eacute;nticos viciosos de los 8-BITS!!! Y ojo, junto a vuestras respuestas deber&eacute;is enviarme obligatoriamente vuestra <em>scottpilgrimnizaci&oacute;n<\/em> hecha en <a href=\"http:\/\/www.scottpilgrimthemovie.com\/avatarCreator\/\" target=\"_blank\">el creador de avatares de la web ScottPilgrimTheMovie.com<\/a> a la cuenta de rigor <strong>uruloki punto org arroba gmail punto com<\/strong>!!! Se&ntilde;ores y se&ntilde;oras, para ganar hay que molar!!!<\/p>\n<p class=\"centrado\"><img decoding=\"async\" src=\"https:\/\/uruloki.org\/felipeblog\/images2010-2\/20100806-scott-pilgrim-banner-promo.jpg\" \/><\/p>\n<p>Para el que no lo sepa, se trata de un <em>Side Scroller<\/em> al modo videojuego de hace un porr&oacute;n de a&ntilde;os que har&aacute; las delicias de todos esos incondicionales de la generaci&oacute;n de los 8-bits (<strong>Double Dragon<\/strong>, <strong>Gryzor<\/strong>, <strong>Megaman<\/strong> o <strong>Golden Axe<\/strong>). Sacando todo el jugo posible a una animaci&oacute;n retro y posibilitando jugar con todos los personajes protagonistas (y buenos) de la obra de <strong>O&#8217;Malley<\/strong>. Estamos ante un <em>Beat &#8216;em up<\/em> que nos permitir&aacute; ayudar a <strong>Scott Pilgrim<\/strong> en su intento para ganar el coraz&oacute;n de su amada <strong>Ramona Flowers<\/strong>. Para ello deber&aacute; derrotar a sus siete ex-novios malignos y miembros de <em>The League of Ramona&acute;s Evil Ex-Boyfriends<\/em>. El camino hacia esta jovencita de colorido cabello no ser&aacute; de rositas: tendremos que utilizar nuestras habilidades para luchar contra distintos enemigos, evitar obst&aacute;culos y despu&eacute;s, &iexcl;enfrentarnos al gran jefe! &iexcl;Una experiencia genial para todos! El juego permite adem&aacute;s el modo colaborativo, donde se podr&aacute; luchar como <strong>Scott Pilgrim<\/strong>, <strong>Ramona Flowers<\/strong>, <strong>Stephen Stills<\/strong> y <strong>Kim Pine<\/strong>. Cada uno de ellos tiene sus propios movimientos y ataques, y se podr&aacute;n combinar sus habilidades para crear ataques cooperativos y as&iacute; potenciar su fuerza destructora. El juego adem&aacute;s contar&aacute; con 30 canciones originales de la banda de <em>chiptune punk<\/em> <strong>Anamanaguchi<\/strong>.<\/p>\n<p>Algunas de las caracter&iacute;sticas del juego que os podr&eacute;is encontrar son:<\/p>\n<ul>\n<li>Podr&aacute;s jugar con Scott, Ramona, Stephen, Kim o con un personaje sorpresa, cada uno con sus propios movimientos y ataques.<\/li>\n<li>Animaciones en 8-BITS creadas por el famoso artista de Arte P&iacute;xel, <a href=\"http:\/\/www.pixfans.com\/paul-robertson-el-mago-del-pixel\/\" target=\"_blank\">Paul Robertson<\/a>.<\/li>\n<li>M&aacute;s de 30 canciones originales del grupo de chiptune <a href=\"http:\/\/www.anamanaguchi.com\/singles\/\" target=\"_blank\">Anamanaguchi<\/a>.<\/li>\n<li>Un mont&oacute;n de gui&ntilde;os a videojuegos nuevos y viejos cl&aacute;sicos.<\/li>\n<li> Sube de nivel para aprender nuevos ataques mortales.<\/li>\n<li>Descubre &iacute;tems secretos y mucho m&aacute;s.<\/li>\n<li>Desbloquea modos secretos, que te permitir&aacute;n luchar, por ejemplo, contra hordas de zombis.<\/li>\n<li>Consigue 12 logros y 200 puntos gamerscore.<\/li>\n<\/ul>\n<p>En definitiva&#8230; un videojuego  que va a molar si o si.<\/p>\n<p><em>&copy; 2010 Ubisoft Entertainment. All Rights Reserved. Ubisoft and the Ubisoft logo are trademarks of Ubisoft Entertainment in the U.S. and\/or other countries. Scott Pilgrim vs. The World&rdquo; graphic novel and related characters TM &amp; &copy; 2010 Bryan Lee O&rsquo;Malley. &ldquo;Scott Pilgrim vs. The World: The Game&rdquo; and &ldquo;Scott Pilgrim vs. The World&rdquo; live action motion picture are trademarks and copyrights of Universal Studios. Licensed by Universal Studios Licensing LLLP. All Rights Reserved.<\/em><\/p>\n","protected":false},"excerpt":{"rendered":"<p>Con motivo del inminente lanzamiento de Scott Pilgrim contra el Mundo: el Videojuego, Ubisoft nos confirma que el juego basado en la galardonada serie de novelas gr&aacute;ficas del dibujante y escritor canadiense Bryan Lee O&#8217;Malley tiene previsto su lanzamiento en PlayStation Network en verano de 2010!!! Para ser m&aacute;s exacto el 11 de agosto!!! Por [&hellip;]<\/p>\n","protected":false},"author":28,"featured_media":0,"parent":0,"menu_order":0,"comment_status":"open","ping_status":"open","template":"","meta":{"footnotes":""},"class_list":["post-4476","page","type-page","status-publish","hentry"],"yoast_head":"<!-- This site is optimized with the Yoast SEO plugin v24.3 - https:\/\/yoast.com\/wordpress\/plugins\/seo\/ -->\n<title>Scott Pilgrim contra el mundo: el videojuego... - Uruloki :: Blog<\/title>\n<meta name=\"robots\" content=\"index, follow, max-snippet:-1, max-image-preview:large, max-video-preview:-1\" \/>\n<link rel=\"canonical\" href=\"https:\/\/www.uruloki.org\/felipeblog\/scott-pilgrim-contra-el-mundo-el-videojuego\" \/>\n<meta property=\"og:locale\" content=\"es_ES\" \/>\n<meta property=\"og:type\" content=\"article\" \/>\n<meta property=\"og:title\" content=\"Scott Pilgrim contra el mundo: el videojuego... - Uruloki :: Blog\" \/>\n<meta property=\"og:description\" content=\"Con motivo del inminente lanzamiento de Scott Pilgrim contra el Mundo: el Videojuego, Ubisoft nos confirma que el juego basado en la galardonada serie de novelas gr&aacute;ficas del dibujante y escritor canadiense Bryan Lee O&#8217;Malley tiene previsto su lanzamiento en PlayStation Network en verano de 2010!!! Para ser m&aacute;s exacto el 11 de agosto!!! Por [&hellip;]\" \/>\n<meta property=\"og:url\" content=\"https:\/\/www.uruloki.org\/felipeblog\/scott-pilgrim-contra-el-mundo-el-videojuego\" \/>\n<meta property=\"og:site_name\" content=\"Uruloki :: Blog\" \/>\n<meta property=\"article:publisher\" content=\"https:\/\/www.facebook.com\/uruloki.org\" \/>\n<meta property=\"article:modified_time\" content=\"2010-08-10T16:43:44+00:00\" \/>\n<meta property=\"og:image\" content=\"https:\/\/uruloki.org\/felipeblog\/images2010-2\/20100806-scott-pilgrim-banner-promo.jpg\" \/>\n<meta name=\"twitter:card\" content=\"summary_large_image\" \/>\n<meta name=\"twitter:site\" content=\"@uruloki\" \/>\n<meta name=\"twitter:label1\" content=\"Tiempo de lectura\" \/>\n\t<meta name=\"twitter:data1\" content=\"3 minutos\" \/>\n<script type=\"application\/ld+json\" class=\"yoast-schema-graph\">{\"@context\":\"https:\/\/schema.org\",\"@graph\":[{\"@type\":\"WebPage\",\"@id\":\"https:\/\/www.uruloki.org\/felipeblog\/scott-pilgrim-contra-el-mundo-el-videojuego\",\"url\":\"https:\/\/www.uruloki.org\/felipeblog\/scott-pilgrim-contra-el-mundo-el-videojuego\",\"name\":\"Scott Pilgrim contra el mundo: el videojuego... - Uruloki :: Blog\",\"isPartOf\":{\"@id\":\"https:\/\/www.uruloki.org\/felipeblog\/#website\"},\"primaryImageOfPage\":{\"@id\":\"https:\/\/www.uruloki.org\/felipeblog\/scott-pilgrim-contra-el-mundo-el-videojuego#primaryimage\"},\"image\":{\"@id\":\"https:\/\/www.uruloki.org\/felipeblog\/scott-pilgrim-contra-el-mundo-el-videojuego#primaryimage\"},\"thumbnailUrl\":\"https:\/\/uruloki.org\/felipeblog\/images2010-2\/20100806-scott-pilgrim-banner-promo.jpg\",\"datePublished\":\"2010-08-05T21:42:00+00:00\",\"dateModified\":\"2010-08-10T16:43:44+00:00\",\"breadcrumb\":{\"@id\":\"https:\/\/www.uruloki.org\/felipeblog\/scott-pilgrim-contra-el-mundo-el-videojuego#breadcrumb\"},\"inLanguage\":\"es\",\"potentialAction\":[{\"@type\":\"ReadAction\",\"target\":[\"https:\/\/www.uruloki.org\/felipeblog\/scott-pilgrim-contra-el-mundo-el-videojuego\"]}]},{\"@type\":\"ImageObject\",\"inLanguage\":\"es\",\"@id\":\"https:\/\/www.uruloki.org\/felipeblog\/scott-pilgrim-contra-el-mundo-el-videojuego#primaryimage\",\"url\":\"https:\/\/uruloki.org\/felipeblog\/images2010-2\/20100806-scott-pilgrim-banner-promo.jpg\",\"contentUrl\":\"https:\/\/uruloki.org\/felipeblog\/images2010-2\/20100806-scott-pilgrim-banner-promo.jpg\"},{\"@type\":\"BreadcrumbList\",\"@id\":\"https:\/\/www.uruloki.org\/felipeblog\/scott-pilgrim-contra-el-mundo-el-videojuego#breadcrumb\",\"itemListElement\":[{\"@type\":\"ListItem\",\"position\":1,\"name\":\"Portada\",\"item\":\"https:\/\/www.uruloki.org\/felipeblog\"},{\"@type\":\"ListItem\",\"position\":2,\"name\":\"Scott Pilgrim contra el mundo: el videojuego&#8230;\"}]},{\"@type\":\"WebSite\",\"@id\":\"https:\/\/www.uruloki.org\/felipeblog\/#website\",\"url\":\"https:\/\/www.uruloki.org\/felipeblog\/\",\"name\":\"Uruloki :: Blog\",\"description\":\"Blog de cine, terror, ciencia ficci\u00f3n, fantas\u00eda y c\u00f3mics\",\"potentialAction\":[{\"@type\":\"SearchAction\",\"target\":{\"@type\":\"EntryPoint\",\"urlTemplate\":\"https:\/\/www.uruloki.org\/felipeblog\/?s={search_term_string}\"},\"query-input\":{\"@type\":\"PropertyValueSpecification\",\"valueRequired\":true,\"valueName\":\"search_term_string\"}}],\"inLanguage\":\"es\"}]}<\/script>\n<!-- \/ Yoast SEO plugin. -->","yoast_head_json":{"title":"Scott Pilgrim contra el mundo: el videojuego... - Uruloki :: Blog","robots":{"index":"index","follow":"follow","max-snippet":"max-snippet:-1","max-image-preview":"max-image-preview:large","max-video-preview":"max-video-preview:-1"},"canonical":"https:\/\/www.uruloki.org\/felipeblog\/scott-pilgrim-contra-el-mundo-el-videojuego","og_locale":"es_ES","og_type":"article","og_title":"Scott Pilgrim contra el mundo: el videojuego... - Uruloki :: Blog","og_description":"Con motivo del inminente lanzamiento de Scott Pilgrim contra el Mundo: el Videojuego, Ubisoft nos confirma que el juego basado en la galardonada serie de novelas gr&aacute;ficas del dibujante y escritor canadiense Bryan Lee O&#8217;Malley tiene previsto su lanzamiento en PlayStation Network en verano de 2010!!! Para ser m&aacute;s exacto el 11 de agosto!!! Por [&hellip;]","og_url":"https:\/\/www.uruloki.org\/felipeblog\/scott-pilgrim-contra-el-mundo-el-videojuego","og_site_name":"Uruloki :: Blog","article_publisher":"https:\/\/www.facebook.com\/uruloki.org","article_modified_time":"2010-08-10T16:43:44+00:00","og_image":[{"url":"https:\/\/uruloki.org\/felipeblog\/images2010-2\/20100806-scott-pilgrim-banner-promo.jpg","type":"","width":"","height":""}],"twitter_card":"summary_large_image","twitter_site":"@uruloki","twitter_misc":{"Tiempo de lectura":"3 minutos"},"schema":{"@context":"https:\/\/schema.org","@graph":[{"@type":"WebPage","@id":"https:\/\/www.uruloki.org\/felipeblog\/scott-pilgrim-contra-el-mundo-el-videojuego","url":"https:\/\/www.uruloki.org\/felipeblog\/scott-pilgrim-contra-el-mundo-el-videojuego","name":"Scott Pilgrim contra el mundo: el videojuego... - Uruloki :: Blog","isPartOf":{"@id":"https:\/\/www.uruloki.org\/felipeblog\/#website"},"primaryImageOfPage":{"@id":"https:\/\/www.uruloki.org\/felipeblog\/scott-pilgrim-contra-el-mundo-el-videojuego#primaryimage"},"image":{"@id":"https:\/\/www.uruloki.org\/felipeblog\/scott-pilgrim-contra-el-mundo-el-videojuego#primaryimage"},"thumbnailUrl":"https:\/\/uruloki.org\/felipeblog\/images2010-2\/20100806-scott-pilgrim-banner-promo.jpg","datePublished":"2010-08-05T21:42:00+00:00","dateModified":"2010-08-10T16:43:44+00:00","breadcrumb":{"@id":"https:\/\/www.uruloki.org\/felipeblog\/scott-pilgrim-contra-el-mundo-el-videojuego#breadcrumb"},"inLanguage":"es","potentialAction":[{"@type":"ReadAction","target":["https:\/\/www.uruloki.org\/felipeblog\/scott-pilgrim-contra-el-mundo-el-videojuego"]}]},{"@type":"ImageObject","inLanguage":"es","@id":"https:\/\/www.uruloki.org\/felipeblog\/scott-pilgrim-contra-el-mundo-el-videojuego#primaryimage","url":"https:\/\/uruloki.org\/felipeblog\/images2010-2\/20100806-scott-pilgrim-banner-promo.jpg","contentUrl":"https:\/\/uruloki.org\/felipeblog\/images2010-2\/20100806-scott-pilgrim-banner-promo.jpg"},{"@type":"BreadcrumbList","@id":"https:\/\/www.uruloki.org\/felipeblog\/scott-pilgrim-contra-el-mundo-el-videojuego#breadcrumb","itemListElement":[{"@type":"ListItem","position":1,"name":"Portada","item":"https:\/\/www.uruloki.org\/felipeblog"},{"@type":"ListItem","position":2,"name":"Scott Pilgrim contra el mundo: el videojuego&#8230;"}]},{"@type":"WebSite","@id":"https:\/\/www.uruloki.org\/felipeblog\/#website","url":"https:\/\/www.uruloki.org\/felipeblog\/","name":"Uruloki :: Blog","description":"Blog de cine, terror, ciencia ficci\u00f3n, fantas\u00eda y c\u00f3mics","potentialAction":[{"@type":"SearchAction","target":{"@type":"EntryPoint","urlTemplate":"https:\/\/www.uruloki.org\/felipeblog\/?s={search_term_string}"},"query-input":{"@type":"PropertyValueSpecification","valueRequired":true,"valueName":"search_term_string"}}],"inLanguage":"es"}]}},"_links":{"self":[{"href":"https:\/\/www.uruloki.org\/felipeblog\/wp-json\/wp\/v2\/pages\/4476","targetHints":{"allow":["GET"]}}],"collection":[{"href":"https:\/\/www.uruloki.org\/felipeblog\/wp-json\/wp\/v2\/pages"}],"about":[{"href":"https:\/\/www.uruloki.org\/felipeblog\/wp-json\/wp\/v2\/types\/page"}],"author":[{"embeddable":true,"href":"https:\/\/www.uruloki.org\/felipeblog\/wp-json\/wp\/v2\/users\/28"}],"replies":[{"embeddable":true,"href":"https:\/\/www.uruloki.org\/felipeblog\/wp-json\/wp\/v2\/comments?post=4476"}],"version-history":[{"count":4,"href":"https:\/\/www.uruloki.org\/felipeblog\/wp-json\/wp\/v2\/pages\/4476\/revisions"}],"predecessor-version":[{"id":4492,"href":"https:\/\/www.uruloki.org\/felipeblog\/wp-json\/wp\/v2\/pages\/4476\/revisions\/4492"}],"wp:attachment":[{"href":"https:\/\/www.uruloki.org\/felipeblog\/wp-json\/wp\/v2\/media?parent=4476"}],"curies":[{"name":"wp","href":"https:\/\/api.w.org\/{rel}","templated":true}]}}