{"id":2864,"date":"2009-07-19T19:17:14","date_gmt":"2009-07-19T18:17:14","guid":{"rendered":"https:\/\/uruloki.org\/felipeblog\/exclusiva-uruloki-entrevista-a-guillermo-del-toro-en-tres-actos"},"modified":"2009-07-20T09:41:09","modified_gmt":"2009-07-20T08:41:09","slug":"exclusiva-uruloki-entrevista-a-guillermo-del-toro-en-tres-actos","status":"publish","type":"page","link":"https:\/\/www.uruloki.org\/felipeblog\/exclusiva-uruloki-entrevista-a-guillermo-del-toro-en-tres-actos","title":{"rendered":"Exclusiva: Uruloki entrevista a Guillermo del Toro en tres actos&#8230;"},"content":{"rendered":"<p>Ya est&aacute; disponible la totalidad de la entrevista que pude realizar a <a href=\"http:\/\/spanish.imdb.com\/name\/nm0868219\/\" target=\"_blank\">Guillermo del Toro<\/a> el pasado 9 de julio. Para que se pueda seguir comentando os dejo los accesos a los tres post en los que divid&iacute; la charla en lugar de pegarla toda seguida en una p&aacute;gina sin que la gente pueda opinar sobre ella:<\/p>\n<ul>\n<li><a href=\"https:\/\/uruloki.org\/felipeblog\/personalsimo\/exclusiva-uruloki-entrevista-a-guillermo-del-toro-en-tres-actos-charlando-sobre-the-strain-nocturna\"> Charlando sobre &quot;The Strain&quot; \/ &quot;Nocturna&quot;&#8230;<\/a><\/li>\n<li><a href=\"https:\/\/uruloki.org\/felipeblog\/personalsimo\/exclusiva-uruloki-entrevista-a-guillermo-del-toro-en-tres-actos-charlando-sobre-the-hobbit-at-the-mountains-of-madness-y-otros-proyectos-cinematogrficos\"> Charlando sobre The Hobbit, At the Mountains of Madness y otros proyectos cinematogr&aacute;ficos&#8230;<\/a><\/li>\n<li><a href=\"https:\/\/uruloki.org\/felipeblog\/personalsimo\/exclusiva-uruloki-entrevista-a-guillermo-del-toro-en-tres-actos-charlando-sobre-temas-ms-personales-y-viciosos\">Charlando sobre temas m&aacute;s personales y viciosos&#8230;<\/a><\/li>\n<\/ul>\n<p>Un saludo a todos!<\/p>\n","protected":false},"excerpt":{"rendered":"<p>Ya est&aacute; disponible la totalidad de la entrevista que pude realizar a Guillermo del Toro el pasado 9 de julio. Para que se pueda seguir comentando os dejo los accesos a los tres post en los que divid&iacute; la charla en lugar de pegarla toda seguida en una p&aacute;gina sin que la gente pueda opinar [&hellip;]<\/p>\n","protected":false},"author":28,"featured_media":0,"parent":0,"menu_order":0,"comment_status":"open","ping_status":"open","template":"","meta":{"footnotes":""},"class_list":["post-2864","page","type-page","status-publish","hentry"],"yoast_head":"<!-- This site is optimized with the Yoast SEO plugin v24.3 - https:\/\/yoast.com\/wordpress\/plugins\/seo\/ -->\n<title>Exclusiva: Uruloki entrevista a Guillermo del Toro en tres actos... - Uruloki :: Blog<\/title>\n<meta name=\"robots\" content=\"index, follow, max-snippet:-1, max-image-preview:large, max-video-preview:-1\" \/>\n<link rel=\"canonical\" href=\"https:\/\/www.uruloki.org\/felipeblog\/exclusiva-uruloki-entrevista-a-guillermo-del-toro-en-tres-actos\" \/>\n<meta property=\"og:locale\" content=\"es_ES\" \/>\n<meta property=\"og:type\" content=\"article\" \/>\n<meta property=\"og:title\" content=\"Exclusiva: Uruloki entrevista a Guillermo del Toro en tres actos... - Uruloki :: Blog\" \/>\n<meta property=\"og:description\" content=\"Ya est&aacute; disponible la totalidad de la entrevista que pude realizar a Guillermo del Toro el pasado 9 de julio. Para que se pueda seguir comentando os dejo los accesos a los tres post en los que divid&iacute; la charla en lugar de pegarla toda seguida en una p&aacute;gina sin que la gente pueda opinar [&hellip;]\" \/>\n<meta property=\"og:url\" content=\"https:\/\/www.uruloki.org\/felipeblog\/exclusiva-uruloki-entrevista-a-guillermo-del-toro-en-tres-actos\" \/>\n<meta property=\"og:site_name\" content=\"Uruloki :: Blog\" \/>\n<meta property=\"article:publisher\" content=\"https:\/\/www.facebook.com\/uruloki.org\" \/>\n<meta property=\"article:modified_time\" content=\"2009-07-20T08:41:09+00:00\" \/>\n<meta name=\"twitter:card\" content=\"summary_large_image\" \/>\n<meta name=\"twitter:site\" content=\"@uruloki\" \/>\n<script type=\"application\/ld+json\" class=\"yoast-schema-graph\">{\"@context\":\"https:\/\/schema.org\",\"@graph\":[{\"@type\":\"WebPage\",\"@id\":\"https:\/\/www.uruloki.org\/felipeblog\/exclusiva-uruloki-entrevista-a-guillermo-del-toro-en-tres-actos\",\"url\":\"https:\/\/www.uruloki.org\/felipeblog\/exclusiva-uruloki-entrevista-a-guillermo-del-toro-en-tres-actos\",\"name\":\"Exclusiva: Uruloki entrevista a Guillermo del Toro en tres actos... - Uruloki :: Blog\",\"isPartOf\":{\"@id\":\"https:\/\/www.uruloki.org\/felipeblog\/#website\"},\"datePublished\":\"2009-07-19T18:17:14+00:00\",\"dateModified\":\"2009-07-20T08:41:09+00:00\",\"breadcrumb\":{\"@id\":\"https:\/\/www.uruloki.org\/felipeblog\/exclusiva-uruloki-entrevista-a-guillermo-del-toro-en-tres-actos#breadcrumb\"},\"inLanguage\":\"es\",\"potentialAction\":[{\"@type\":\"ReadAction\",\"target\":[\"https:\/\/www.uruloki.org\/felipeblog\/exclusiva-uruloki-entrevista-a-guillermo-del-toro-en-tres-actos\"]}]},{\"@type\":\"BreadcrumbList\",\"@id\":\"https:\/\/www.uruloki.org\/felipeblog\/exclusiva-uruloki-entrevista-a-guillermo-del-toro-en-tres-actos#breadcrumb\",\"itemListElement\":[{\"@type\":\"ListItem\",\"position\":1,\"name\":\"Portada\",\"item\":\"https:\/\/www.uruloki.org\/felipeblog\"},{\"@type\":\"ListItem\",\"position\":2,\"name\":\"Exclusiva: Uruloki entrevista a Guillermo del Toro en tres actos&#8230;\"}]},{\"@type\":\"WebSite\",\"@id\":\"https:\/\/www.uruloki.org\/felipeblog\/#website\",\"url\":\"https:\/\/www.uruloki.org\/felipeblog\/\",\"name\":\"Uruloki :: Blog\",\"description\":\"Blog de cine, terror, ciencia ficci\u00f3n, fantas\u00eda y c\u00f3mics\",\"potentialAction\":[{\"@type\":\"SearchAction\",\"target\":{\"@type\":\"EntryPoint\",\"urlTemplate\":\"https:\/\/www.uruloki.org\/felipeblog\/?s={search_term_string}\"},\"query-input\":{\"@type\":\"PropertyValueSpecification\",\"valueRequired\":true,\"valueName\":\"search_term_string\"}}],\"inLanguage\":\"es\"}]}<\/script>\n<!-- \/ Yoast SEO plugin. -->","yoast_head_json":{"title":"Exclusiva: Uruloki entrevista a Guillermo del Toro en tres actos... - Uruloki :: Blog","robots":{"index":"index","follow":"follow","max-snippet":"max-snippet:-1","max-image-preview":"max-image-preview:large","max-video-preview":"max-video-preview:-1"},"canonical":"https:\/\/www.uruloki.org\/felipeblog\/exclusiva-uruloki-entrevista-a-guillermo-del-toro-en-tres-actos","og_locale":"es_ES","og_type":"article","og_title":"Exclusiva: Uruloki entrevista a Guillermo del Toro en tres actos... - Uruloki :: Blog","og_description":"Ya est&aacute; disponible la totalidad de la entrevista que pude realizar a Guillermo del Toro el pasado 9 de julio. Para que se pueda seguir comentando os dejo los accesos a los tres post en los que divid&iacute; la charla en lugar de pegarla toda seguida en una p&aacute;gina sin que la gente pueda opinar [&hellip;]","og_url":"https:\/\/www.uruloki.org\/felipeblog\/exclusiva-uruloki-entrevista-a-guillermo-del-toro-en-tres-actos","og_site_name":"Uruloki :: Blog","article_publisher":"https:\/\/www.facebook.com\/uruloki.org","article_modified_time":"2009-07-20T08:41:09+00:00","twitter_card":"summary_large_image","twitter_site":"@uruloki","schema":{"@context":"https:\/\/schema.org","@graph":[{"@type":"WebPage","@id":"https:\/\/www.uruloki.org\/felipeblog\/exclusiva-uruloki-entrevista-a-guillermo-del-toro-en-tres-actos","url":"https:\/\/www.uruloki.org\/felipeblog\/exclusiva-uruloki-entrevista-a-guillermo-del-toro-en-tres-actos","name":"Exclusiva: Uruloki entrevista a Guillermo del Toro en tres actos... - Uruloki :: Blog","isPartOf":{"@id":"https:\/\/www.uruloki.org\/felipeblog\/#website"},"datePublished":"2009-07-19T18:17:14+00:00","dateModified":"2009-07-20T08:41:09+00:00","breadcrumb":{"@id":"https:\/\/www.uruloki.org\/felipeblog\/exclusiva-uruloki-entrevista-a-guillermo-del-toro-en-tres-actos#breadcrumb"},"inLanguage":"es","potentialAction":[{"@type":"ReadAction","target":["https:\/\/www.uruloki.org\/felipeblog\/exclusiva-uruloki-entrevista-a-guillermo-del-toro-en-tres-actos"]}]},{"@type":"BreadcrumbList","@id":"https:\/\/www.uruloki.org\/felipeblog\/exclusiva-uruloki-entrevista-a-guillermo-del-toro-en-tres-actos#breadcrumb","itemListElement":[{"@type":"ListItem","position":1,"name":"Portada","item":"https:\/\/www.uruloki.org\/felipeblog"},{"@type":"ListItem","position":2,"name":"Exclusiva: Uruloki entrevista a Guillermo del Toro en tres actos&#8230;"}]},{"@type":"WebSite","@id":"https:\/\/www.uruloki.org\/felipeblog\/#website","url":"https:\/\/www.uruloki.org\/felipeblog\/","name":"Uruloki :: Blog","description":"Blog de cine, terror, ciencia ficci\u00f3n, fantas\u00eda y c\u00f3mics","potentialAction":[{"@type":"SearchAction","target":{"@type":"EntryPoint","urlTemplate":"https:\/\/www.uruloki.org\/felipeblog\/?s={search_term_string}"},"query-input":{"@type":"PropertyValueSpecification","valueRequired":true,"valueName":"search_term_string"}}],"inLanguage":"es"}]}},"_links":{"self":[{"href":"https:\/\/www.uruloki.org\/felipeblog\/wp-json\/wp\/v2\/pages\/2864","targetHints":{"allow":["GET"]}}],"collection":[{"href":"https:\/\/www.uruloki.org\/felipeblog\/wp-json\/wp\/v2\/pages"}],"about":[{"href":"https:\/\/www.uruloki.org\/felipeblog\/wp-json\/wp\/v2\/types\/page"}],"author":[{"embeddable":true,"href":"https:\/\/www.uruloki.org\/felipeblog\/wp-json\/wp\/v2\/users\/28"}],"replies":[{"embeddable":true,"href":"https:\/\/www.uruloki.org\/felipeblog\/wp-json\/wp\/v2\/comments?post=2864"}],"version-history":[{"count":3,"href":"https:\/\/www.uruloki.org\/felipeblog\/wp-json\/wp\/v2\/pages\/2864\/revisions"}],"predecessor-version":[{"id":2867,"href":"https:\/\/www.uruloki.org\/felipeblog\/wp-json\/wp\/v2\/pages\/2864\/revisions\/2867"}],"wp:attachment":[{"href":"https:\/\/www.uruloki.org\/felipeblog\/wp-json\/wp\/v2\/media?parent=2864"}],"curies":[{"name":"wp","href":"https:\/\/api.w.org\/{rel}","templated":true}]}}

<!-- This site is optimized with the Yoast SEO plugin v24.3 - https://yoast.com/wordpress/plugins/seo/ -->
<title>Exclusiva: Uruloki entrevista a Guillermo del Toro en tres actos... - Uruloki :: Blog</title>
<meta name="robots" content="index, follow, max-snippet:-1, max-image-preview:large, max-video-preview:-1" />
<link rel="canonical" href="https://www.uruloki.org/felipeblog/exclusiva-uruloki-entrevista-a-guillermo-del-toro-en-tres-actos" />
<meta property="og:locale" content="es_ES" />
<meta property="og:type" content="article" />
<meta property="og:title" content="Exclusiva: Uruloki entrevista a Guillermo del Toro en tres actos... - Uruloki :: Blog" />
<meta property="og:description" content="Ya est&aacute; disponible la totalidad de la entrevista que pude realizar a Guillermo del Toro el pasado 9 de julio. Para que se pueda seguir comentando os dejo los accesos a los tres post en los que divid&iacute; la charla en lugar de pegarla toda seguida en una p&aacute;gina sin que la gente pueda opinar [&hellip;]" />
<meta property="og:url" content="https://www.uruloki.org/felipeblog/exclusiva-uruloki-entrevista-a-guillermo-del-toro-en-tres-actos" />
<meta property="og:site_name" content="Uruloki :: Blog" />
<meta property="article:publisher" content="https://www.facebook.com/uruloki.org" />
<meta property="article:modified_time" content="2009-07-20T08:41:09+00:00" />
<meta name="twitter:card" content="summary_large_image" />
<meta name="twitter:site" content="@uruloki" />
<script type="application/ld+json" class="yoast-schema-graph">{"@context":"https://schema.org","@graph":[{"@type":"WebPage","@id":"https://www.uruloki.org/felipeblog/exclusiva-uruloki-entrevista-a-guillermo-del-toro-en-tres-actos","url":"https://www.uruloki.org/felipeblog/exclusiva-uruloki-entrevista-a-guillermo-del-toro-en-tres-actos","name":"Exclusiva: Uruloki entrevista a Guillermo del Toro en tres actos... - Uruloki :: Blog","isPartOf":{"@id":"https://www.uruloki.org/felipeblog/#website"},"datePublished":"2009-07-19T18:17:14+00:00","dateModified":"2009-07-20T08:41:09+00:00","breadcrumb":{"@id":"https://www.uruloki.org/felipeblog/exclusiva-uruloki-entrevista-a-guillermo-del-toro-en-tres-actos#breadcrumb"},"inLanguage":"es","potentialAction":[{"@type":"ReadAction","target":["https://www.uruloki.org/felipeblog/exclusiva-uruloki-entrevista-a-guillermo-del-toro-en-tres-actos"]}]},{"@type":"BreadcrumbList","@id":"https://www.uruloki.org/felipeblog/exclusiva-uruloki-entrevista-a-guillermo-del-toro-en-tres-actos#breadcrumb","itemListElement":[{"@type":"ListItem","position":1,"name":"Portada","item":"https://www.uruloki.org/felipeblog"},{"@type":"ListItem","position":2,"name":"Exclusiva: Uruloki entrevista a Guillermo del Toro en tres actos&#8230;"}]},{"@type":"WebSite","@id":"https://www.uruloki.org/felipeblog/#website","url":"https://www.uruloki.org/felipeblog/","name":"Uruloki :: Blog","description":"Blog de cine, terror, ciencia ficción, fantasía y cómics","potentialAction":[{"@type":"SearchAction","target":{"@type":"EntryPoint","urlTemplate":"https://www.uruloki.org/felipeblog/?s={search_term_string}"},"query-input":{"@type":"PropertyValueSpecification","valueRequired":true,"valueName":"search_term_string"}}],"inLanguage":"es"}]}</script>
<!-- / Yoast SEO plugin. -->

Blog de cine, terror, ciencia ficción, fantasía y cómics
