{"id":2670,"date":"2009-05-29T17:04:44","date_gmt":"2009-05-29T16:04:44","guid":{"rendered":"https:\/\/uruloki.org\/felipeblog\/the-spirit-de-frank-miller-ahora-en-dvd-y-blu-ray"},"modified":"2009-05-29T17:04:44","modified_gmt":"2009-05-29T16:04:44","slug":"the-spirit-de-frank-miller-ahora-en-dvd-y-blu-ray","status":"publish","type":"page","link":"https:\/\/www.uruloki.org\/felipeblog\/the-spirit-de-frank-miller-ahora-en-dvd-y-blu-ray","title":{"rendered":"The Spirit de Frank Miller ahora en DVD y Blu-Ray&#8230;"},"content":{"rendered":"<p><strong>Sony Pictures<\/strong> nos presenta esta semana el lanzamiento  de <a href=\"http:\/\/spanish.imdb.com\/title\/tt0831887\/\" target=\"_blank\">The Spirit<\/a> (2008), la adaptaci&oacute;n al cine de las aventuras del famoso personaje comiquero creado por el inigualable <strong>Will Eisner<\/strong>. A los mandos del film est&aacute; <a href=\"http:\/\/spanish.imdb.com\/name\/nm0588340\/\" target=\"_blank\">Frank Miller<\/a>, debutando en tareas de direcci&oacute;n en solitario tras su colaboraci&oacute;n en <a href=\"http:\/\/spanish.imdb.com\/title\/tt0401792\/\" target=\"_blank\">Sin City, ciudad del pecado<\/a> (2005) con los reputados directores <a href=\"http:\/\/spanish.imdb.com\/name\/nm0001675\/\" target=\"_blank\">Robert Rodriguez<\/a> y <a href=\"http:\/\/spanish.imdb.com\/name\/nm0000233\/\" target=\"_blank\">Quentin Tarantino<\/a>. <strong>Miller<\/strong> nos ofrece una visi&oacute;n personal de la obra de <strong>Eisner<\/strong> introduci&eacute;ndonos en un film <em>noir<\/em> donde conviven planos imposibles y secuencias dignas de estar plasmadas en un papel. <strong>The Spirit <\/strong>es la historia de <strong>Denny Colt<\/strong> (<a href=\"http:\/\/spanish.imdb.com\/name\/nm0532683\/\" target=\"_blank\">Gabriel  Macht<\/a>), un polic&iacute;a que fue asesinado y que misteriosamente vuelve a la  vida como el enmascarado luchador contra el crimen llamado <strong>Spirit<\/strong>.  Determinado a mantener a su amada <strong>Central City<\/strong> a salvo, <strong>Spirit<\/strong> persigue  a los villanos desde las sombras y busca terminar con  el peor de todos ellos: el sic&oacute;tico  megal&oacute;mano conocido como <strong>Octopus<\/strong>  (<a href=\"http:\/\/spanish.imdb.com\/name\/nm0000168\/\" target=\"_blank\">Samuel L. Jackson<\/a>). A pesar de lo ocupado que lo mantiene esta misi&oacute;n,  el deslumbrante guerrero siempre se las arregla para tener tiempo para atender bellas mujeres como <strong>Lorelei Rox<\/strong> (<a href=\"http:\/\/spanish.imdb.com\/name\/nm0454809\/\" target=\"_blank\">Jaime King<\/a>), Sand<strong> Saref<\/strong> (<a href=\"http:\/\/spanish.imdb.com\/name\/nm0578949\/\" target=\"_blank\">Eva Mendes<\/a>), <strong>Silken Floss<\/strong> (<a href=\"http:\/\/spanish.imdb.com\/name\/nm0424060\/\" target=\"_blank\">Scarlett Johansson<\/a>) o <strong>Ellen Dolan<\/strong> (<a href=\"http:\/\/spanish.imdb.com\/name\/nm0005299\/\" target=\"_blank\">Sarah Paulson<\/a>), aunque nunca est&aacute; seguro de si ellas quieren  seducirlo, amarlo o matarlo. Pero hay una dama que nunca lo traicionar&aacute;  y a la que siempre ser&aacute; fiel: <strong>Central City<\/strong>, la vieja y orgullosa  metr&oacute;poli donde naci&oacute;&hellip; dos veces.<\/p>\n<div class=\"video\"><object type=\"application\/x-shockwave-flash\" data=\"http:\/\/www.youtube.com\/v\/smhYNDjPPBw&amp;hl=es&amp;fs=1&amp;hd=1\" width=\"425\" height=\"344\"><param name=\"movie\" value=\"http:\/\/www.youtube.com\/v\/smhYNDjPPBw&amp;hl=es&amp;fs=1&amp;hd=1\" \/><\/object><\/div>\n<p><strong>Sony<\/strong> presenta varias ediciones a cada cual m&aacute;s interesante tanto en <strong>Blu-Ray<\/strong> como en <strong>DVD<\/strong>. Os dejo con las contenidos de cada edici&oacute;n.<\/p>\n<p><strong>T<\/strong><strong>HE SPIRIT EDICI&Oacute;N BLU-RAY<\/strong><\/p>\n<ul>\n<li><strong>Color<\/strong>: Color <\/li>\n<li><strong>Formato<\/strong> <strong>TV<\/strong>:16&#215;9 <\/li>\n<li><strong>Formato<\/strong> <strong>Imagen<\/strong>:2.40:1&nbsp; <\/li>\n<li><strong>Idiomas<\/strong>: Espa&ntilde;ol Dolby   TrueHD 5.1, Ingl&eacute;s Dolby TrueHD 5.1, Italiano Dolby TrueHD 5.1, Catal&aacute;n   5.1 <\/li>\n<li><strong>Subt&iacute;tulos<\/strong>: Espa&ntilde;ol,   Ingl&eacute;s, Italiano, Catal&aacute;n, Dan&eacute;s, Finland&eacute;s, Hebreo, Noruego, Sueco&nbsp;<\/li>\n<li><strong>Precio<\/strong>: 24&rsquo;99&euro;&nbsp;<\/li>\n<li><strong>Extras<\/strong>:\n<ul>\n<li>   Trailers promocionales<\/li>\n<li>   Audio Comentarios<\/li>\n<li>   Documentales<\/li>\n<li>   Final Alternativo&nbsp;<\/li>\n<\/ul>\n<\/li>\n<li><strong>Discos:<\/strong> 2&nbsp;<\/li>\n<li>\n  <strong>Observaciones:<\/strong>&nbsp;Incluye copia digital.<\/li>\n<\/ul>\n<p class=\"centrado\"><img loading=\"lazy\" decoding=\"async\" src=\"https:\/\/uruloki.org\/felipeblog\/imagesflickr5\/20090529_the-spirit-blu-ray.jpg\" alt=\"The Spirit Blu-Ray\" width=\"300\" height=\"414\" \/><\/p>\n<p><strong>THE SPIRIT BLU-RAY (EDICI&Oacute;N   ESPECIAL FNAC)<\/strong><\/p>\n<ul>\n<li><strong>Color<\/strong>:Color <\/li>\n<li><strong>Formato<\/strong> <strong>TV<\/strong>:16&#215;9 <\/li>\n<li><strong>Formato<\/strong> <strong>Imagen<\/strong>:2.40:1&nbsp;<\/li>\n<li><strong>Idiomas<\/strong>: Espa&ntilde;ol Dolby   TrueHD 5.1, Ingl&eacute;s Dolby TrueHD 5.1, Italiano Dolby TrueHD 5.1, Catal&aacute;n   5.1 <\/li>\n<li><strong>Subt&iacute;tulos<\/strong>: Espa&ntilde;ol,   Ingl&eacute;s, Italiano, Catal&aacute;n, Dan&eacute;s, Finland&eacute;s, Hebreo, Noruego, Sueco&nbsp;<\/li>\n<li><strong>Precio<\/strong>: 39&rsquo;99 &euro;&nbsp;<\/li>\n<li><strong>Extras<\/strong>:\n<ul>\n<li>   Trailers promocionales<\/li>\n<li>   Audio Comentarios<\/li>\n<li> Documentales<\/li>\n<li>Final Alternativo<\/li>\n<\/ul>\n<\/li>\n<li><strong>Discos:<\/strong> 2<\/li>\n<li><strong>Observaciones:<\/strong>&nbsp;Incluye copia digital, camiseta y booklet<\/li>\n<\/ul>\n<p><strong>THE SPIRIT EDICI&Oacute;N DVD<\/strong><\/p>\n<ul>\n<li><strong>Color<\/strong>:Color<\/li>\n<li><strong>Formato<\/strong> <strong>TV<\/strong>:16&#215;9<\/li>\n<li><strong>Formato<\/strong> <strong>Imagen<\/strong>:2.40:1<\/li>\n<li><strong>Precio<\/strong>: 17&rsquo;99 &euro;<\/li>\n<\/ul>\n<p><strong>THE SPIRIT DVD EDICI&Oacute;N   ESPECIAL<\/strong><\/p>\n<ul>\n<li><strong>Color<\/strong>:Color<\/li>\n<li><strong>Formato TV<\/strong>:16&#215;9<\/li>\n<li><strong>Formato Imagen<\/strong>:2.40:1<\/li>\n<li><strong>Idiomas<\/strong>: Espa&ntilde;ol 5.1,   Ingl&eacute;s 5.1, Italiano 5.1, Catal&aacute;n Dolby Surround<\/li>\n<li><strong>Subt&iacute;tulos<\/strong>: Espa&ntilde;ol,   Ingl&eacute;s, Italiano, Catal&aacute;n, Dan&eacute;s, Finland&eacute;s, Hebreo, Noruego, Sueco<\/li>\n<li><strong>Precio<\/strong>:&nbsp; 21&rsquo;99   &euro;&nbsp;<\/li>\n<li><strong>Extras<\/strong>:\n<ul>\n<li>   Trailers promocionales<\/li>\n<li>   Audio Comentarios<\/li>\n<li>   Documentales<\/li>\n<li>   Final Alternativo&nbsp;<\/li>\n<\/ul>\n<\/li>\n<li><strong>Discos:<\/strong> 2<\/li>\n<li><strong>Observaciones:<\/strong>&nbsp;Incluye copia digital<\/li>\n<\/ul>\n<p class=\"centrado\"><img loading=\"lazy\" decoding=\"async\" src=\"https:\/\/uruloki.org\/felipeblog\/imagesflickr5\/20090529_the-spirit-dvd.jpg\" alt=\"The Spirit DVD\" width=\"300\" height=\"425\" \/><\/p>\n<p><strong>THE SPIRIT DVD (EDICI&Oacute;N   ESPECIAL FNAC)<\/strong><\/p>\n<ul>\n<li><strong>Color<\/strong>: Color<\/li>\n<li><strong>Formato<\/strong> <strong>TV<\/strong>:16&#215;9<\/li>\n<li><strong>Formato<\/strong> <strong>Imagen<\/strong>:2.40:1<\/li>\n<li><strong>Idiomas<\/strong>: Espa&ntilde;ol 5.1,   Ingl&eacute;s 5.1, Italiano 5.1, Catal&aacute;n Dolby Surround<\/li>\n<li><strong>Subt&iacute;tulos<\/strong>: Espa&ntilde;ol,   Ingl&eacute;s, Italiano, Catal&aacute;n, Dan&eacute;s, Finland&eacute;s, Hebreo, Noruego, Sueco<\/li>\n<li><strong>Precio<\/strong>: 32&rsquo;99 &euro;<\/li>\n<li><strong>Extras<\/strong>:\n<ul>\n<li> Trailers promocionales<\/li>\n<li>Audio Comentarios<\/li>\n<li>   Documentales<\/li>\n<li>   Final Alternativo&nbsp;<\/li>\n<\/ul>\n<\/li>\n<li><strong>Discos:<\/strong> 2<\/li>\n<li><strong>Observaciones:<\/strong>&nbsp;Incluye Copia Digital, Camiseta y Booklet<\/li>\n<\/ul>\n<p><strong>THE SPIRIT<\/strong> <strong>UMD<\/strong><\/p>\n<ul>\n<li><strong>Color<\/strong>:Color<\/li>\n<li><strong>Formato<\/strong>:UMD<\/li>\n<li><strong>Formato TV<\/strong>:16&#215;9<\/li>\n<li><strong>Formato Imagen<\/strong>:1.78:1<\/li>\n<li><strong>Idiomas<\/strong>: Alem&aacute;n Est&eacute;reo,   Espa&ntilde;ol Est&eacute;reo, Ingl&eacute;s Est&eacute;reo, Italiano Est&eacute;reo<\/li>\n<li><strong>Subt&iacute;tulos<\/strong>: Alem&aacute;n,   Espa&ntilde;ol, Ingl&eacute;s, Italiano, Turco<\/li>\n<li><strong>Precio<\/strong>: 12&rsquo;99 &euro;<\/li>\n<\/ul>\n<p><em>&copy; 2009 Sony Pictures todos los derechos reservados<\/em><\/p>\n","protected":false},"excerpt":{"rendered":"<p>Sony Pictures nos presenta esta semana el lanzamiento de The Spirit (2008), la adaptaci&oacute;n al cine de las aventuras del famoso personaje comiquero creado por el inigualable Will Eisner. A los mandos del film est&aacute; Frank Miller, debutando en tareas de direcci&oacute;n en solitario tras su colaboraci&oacute;n en Sin City, ciudad del pecado (2005) con [&hellip;]<\/p>\n","protected":false},"author":28,"featured_media":0,"parent":0,"menu_order":0,"comment_status":"open","ping_status":"open","template":"","meta":{"footnotes":""},"class_list":["post-2670","page","type-page","status-publish","hentry"],"yoast_head":"<!-- This site is optimized with the Yoast SEO plugin v24.3 - https:\/\/yoast.com\/wordpress\/plugins\/seo\/ -->\n<title>The Spirit de Frank Miller ahora en DVD y Blu-Ray... - Uruloki :: Blog<\/title>\n<meta name=\"robots\" content=\"index, follow, max-snippet:-1, max-image-preview:large, max-video-preview:-1\" \/>\n<link rel=\"canonical\" href=\"https:\/\/www.uruloki.org\/felipeblog\/the-spirit-de-frank-miller-ahora-en-dvd-y-blu-ray\" \/>\n<meta property=\"og:locale\" content=\"es_ES\" \/>\n<meta property=\"og:type\" content=\"article\" \/>\n<meta property=\"og:title\" content=\"The Spirit de Frank Miller ahora en DVD y Blu-Ray... - Uruloki :: Blog\" \/>\n<meta property=\"og:description\" content=\"Sony Pictures nos presenta esta semana el lanzamiento de The Spirit (2008), la adaptaci&oacute;n al cine de las aventuras del famoso personaje comiquero creado por el inigualable Will Eisner. A los mandos del film est&aacute; Frank Miller, debutando en tareas de direcci&oacute;n en solitario tras su colaboraci&oacute;n en Sin City, ciudad del pecado (2005) con [&hellip;]\" \/>\n<meta property=\"og:url\" content=\"https:\/\/www.uruloki.org\/felipeblog\/the-spirit-de-frank-miller-ahora-en-dvd-y-blu-ray\" \/>\n<meta property=\"og:site_name\" content=\"Uruloki :: Blog\" \/>\n<meta property=\"article:publisher\" content=\"https:\/\/www.facebook.com\/uruloki.org\" \/>\n<meta property=\"og:image\" content=\"https:\/\/uruloki.org\/felipeblog\/imagesflickr5\/20090529_the-spirit-blu-ray.jpg\" \/>\n<meta name=\"twitter:card\" content=\"summary_large_image\" \/>\n<meta name=\"twitter:site\" content=\"@uruloki\" \/>\n<meta name=\"twitter:label1\" content=\"Tiempo de lectura\" \/>\n\t<meta name=\"twitter:data1\" content=\"3 minutos\" \/>\n<script type=\"application\/ld+json\" class=\"yoast-schema-graph\">{\"@context\":\"https:\/\/schema.org\",\"@graph\":[{\"@type\":\"WebPage\",\"@id\":\"https:\/\/www.uruloki.org\/felipeblog\/the-spirit-de-frank-miller-ahora-en-dvd-y-blu-ray\",\"url\":\"https:\/\/www.uruloki.org\/felipeblog\/the-spirit-de-frank-miller-ahora-en-dvd-y-blu-ray\",\"name\":\"The Spirit de Frank Miller ahora en DVD y Blu-Ray... - Uruloki :: Blog\",\"isPartOf\":{\"@id\":\"https:\/\/www.uruloki.org\/felipeblog\/#website\"},\"primaryImageOfPage\":{\"@id\":\"https:\/\/www.uruloki.org\/felipeblog\/the-spirit-de-frank-miller-ahora-en-dvd-y-blu-ray#primaryimage\"},\"image\":{\"@id\":\"https:\/\/www.uruloki.org\/felipeblog\/the-spirit-de-frank-miller-ahora-en-dvd-y-blu-ray#primaryimage\"},\"thumbnailUrl\":\"https:\/\/uruloki.org\/felipeblog\/imagesflickr5\/20090529_the-spirit-blu-ray.jpg\",\"datePublished\":\"2009-05-29T16:04:44+00:00\",\"dateModified\":\"2009-05-29T16:04:44+00:00\",\"breadcrumb\":{\"@id\":\"https:\/\/www.uruloki.org\/felipeblog\/the-spirit-de-frank-miller-ahora-en-dvd-y-blu-ray#breadcrumb\"},\"inLanguage\":\"es\",\"potentialAction\":[{\"@type\":\"ReadAction\",\"target\":[\"https:\/\/www.uruloki.org\/felipeblog\/the-spirit-de-frank-miller-ahora-en-dvd-y-blu-ray\"]}]},{\"@type\":\"ImageObject\",\"inLanguage\":\"es\",\"@id\":\"https:\/\/www.uruloki.org\/felipeblog\/the-spirit-de-frank-miller-ahora-en-dvd-y-blu-ray#primaryimage\",\"url\":\"https:\/\/uruloki.org\/felipeblog\/imagesflickr5\/20090529_the-spirit-blu-ray.jpg\",\"contentUrl\":\"https:\/\/uruloki.org\/felipeblog\/imagesflickr5\/20090529_the-spirit-blu-ray.jpg\"},{\"@type\":\"BreadcrumbList\",\"@id\":\"https:\/\/www.uruloki.org\/felipeblog\/the-spirit-de-frank-miller-ahora-en-dvd-y-blu-ray#breadcrumb\",\"itemListElement\":[{\"@type\":\"ListItem\",\"position\":1,\"name\":\"Portada\",\"item\":\"https:\/\/www.uruloki.org\/felipeblog\"},{\"@type\":\"ListItem\",\"position\":2,\"name\":\"The Spirit de Frank Miller ahora en DVD y Blu-Ray&#8230;\"}]},{\"@type\":\"WebSite\",\"@id\":\"https:\/\/www.uruloki.org\/felipeblog\/#website\",\"url\":\"https:\/\/www.uruloki.org\/felipeblog\/\",\"name\":\"Uruloki :: Blog\",\"description\":\"Blog de cine, terror, ciencia ficci\u00f3n, fantas\u00eda y c\u00f3mics\",\"potentialAction\":[{\"@type\":\"SearchAction\",\"target\":{\"@type\":\"EntryPoint\",\"urlTemplate\":\"https:\/\/www.uruloki.org\/felipeblog\/?s={search_term_string}\"},\"query-input\":{\"@type\":\"PropertyValueSpecification\",\"valueRequired\":true,\"valueName\":\"search_term_string\"}}],\"inLanguage\":\"es\"}]}<\/script>\n<!-- \/ Yoast SEO plugin. -->","yoast_head_json":{"title":"The Spirit de Frank Miller ahora en DVD y Blu-Ray... - Uruloki :: Blog","robots":{"index":"index","follow":"follow","max-snippet":"max-snippet:-1","max-image-preview":"max-image-preview:large","max-video-preview":"max-video-preview:-1"},"canonical":"https:\/\/www.uruloki.org\/felipeblog\/the-spirit-de-frank-miller-ahora-en-dvd-y-blu-ray","og_locale":"es_ES","og_type":"article","og_title":"The Spirit de Frank Miller ahora en DVD y Blu-Ray... - Uruloki :: Blog","og_description":"Sony Pictures nos presenta esta semana el lanzamiento de The Spirit (2008), la adaptaci&oacute;n al cine de las aventuras del famoso personaje comiquero creado por el inigualable Will Eisner. A los mandos del film est&aacute; Frank Miller, debutando en tareas de direcci&oacute;n en solitario tras su colaboraci&oacute;n en Sin City, ciudad del pecado (2005) con [&hellip;]","og_url":"https:\/\/www.uruloki.org\/felipeblog\/the-spirit-de-frank-miller-ahora-en-dvd-y-blu-ray","og_site_name":"Uruloki :: Blog","article_publisher":"https:\/\/www.facebook.com\/uruloki.org","og_image":[{"url":"https:\/\/uruloki.org\/felipeblog\/imagesflickr5\/20090529_the-spirit-blu-ray.jpg","type":"","width":"","height":""}],"twitter_card":"summary_large_image","twitter_site":"@uruloki","twitter_misc":{"Tiempo de lectura":"3 minutos"},"schema":{"@context":"https:\/\/schema.org","@graph":[{"@type":"WebPage","@id":"https:\/\/www.uruloki.org\/felipeblog\/the-spirit-de-frank-miller-ahora-en-dvd-y-blu-ray","url":"https:\/\/www.uruloki.org\/felipeblog\/the-spirit-de-frank-miller-ahora-en-dvd-y-blu-ray","name":"The Spirit de Frank Miller ahora en DVD y Blu-Ray... - Uruloki :: Blog","isPartOf":{"@id":"https:\/\/www.uruloki.org\/felipeblog\/#website"},"primaryImageOfPage":{"@id":"https:\/\/www.uruloki.org\/felipeblog\/the-spirit-de-frank-miller-ahora-en-dvd-y-blu-ray#primaryimage"},"image":{"@id":"https:\/\/www.uruloki.org\/felipeblog\/the-spirit-de-frank-miller-ahora-en-dvd-y-blu-ray#primaryimage"},"thumbnailUrl":"https:\/\/uruloki.org\/felipeblog\/imagesflickr5\/20090529_the-spirit-blu-ray.jpg","datePublished":"2009-05-29T16:04:44+00:00","dateModified":"2009-05-29T16:04:44+00:00","breadcrumb":{"@id":"https:\/\/www.uruloki.org\/felipeblog\/the-spirit-de-frank-miller-ahora-en-dvd-y-blu-ray#breadcrumb"},"inLanguage":"es","potentialAction":[{"@type":"ReadAction","target":["https:\/\/www.uruloki.org\/felipeblog\/the-spirit-de-frank-miller-ahora-en-dvd-y-blu-ray"]}]},{"@type":"ImageObject","inLanguage":"es","@id":"https:\/\/www.uruloki.org\/felipeblog\/the-spirit-de-frank-miller-ahora-en-dvd-y-blu-ray#primaryimage","url":"https:\/\/uruloki.org\/felipeblog\/imagesflickr5\/20090529_the-spirit-blu-ray.jpg","contentUrl":"https:\/\/uruloki.org\/felipeblog\/imagesflickr5\/20090529_the-spirit-blu-ray.jpg"},{"@type":"BreadcrumbList","@id":"https:\/\/www.uruloki.org\/felipeblog\/the-spirit-de-frank-miller-ahora-en-dvd-y-blu-ray#breadcrumb","itemListElement":[{"@type":"ListItem","position":1,"name":"Portada","item":"https:\/\/www.uruloki.org\/felipeblog"},{"@type":"ListItem","position":2,"name":"The Spirit de Frank Miller ahora en DVD y Blu-Ray&#8230;"}]},{"@type":"WebSite","@id":"https:\/\/www.uruloki.org\/felipeblog\/#website","url":"https:\/\/www.uruloki.org\/felipeblog\/","name":"Uruloki :: Blog","description":"Blog de cine, terror, ciencia ficci\u00f3n, fantas\u00eda y c\u00f3mics","potentialAction":[{"@type":"SearchAction","target":{"@type":"EntryPoint","urlTemplate":"https:\/\/www.uruloki.org\/felipeblog\/?s={search_term_string}"},"query-input":{"@type":"PropertyValueSpecification","valueRequired":true,"valueName":"search_term_string"}}],"inLanguage":"es"}]}},"_links":{"self":[{"href":"https:\/\/www.uruloki.org\/felipeblog\/wp-json\/wp\/v2\/pages\/2670","targetHints":{"allow":["GET"]}}],"collection":[{"href":"https:\/\/www.uruloki.org\/felipeblog\/wp-json\/wp\/v2\/pages"}],"about":[{"href":"https:\/\/www.uruloki.org\/felipeblog\/wp-json\/wp\/v2\/types\/page"}],"author":[{"embeddable":true,"href":"https:\/\/www.uruloki.org\/felipeblog\/wp-json\/wp\/v2\/users\/28"}],"replies":[{"embeddable":true,"href":"https:\/\/www.uruloki.org\/felipeblog\/wp-json\/wp\/v2\/comments?post=2670"}],"version-history":[{"count":0,"href":"https:\/\/www.uruloki.org\/felipeblog\/wp-json\/wp\/v2\/pages\/2670\/revisions"}],"wp:attachment":[{"href":"https:\/\/www.uruloki.org\/felipeblog\/wp-json\/wp\/v2\/media?parent=2670"}],"curies":[{"name":"wp","href":"https:\/\/api.w.org\/{rel}","templated":true}]}}