{"id":1446,"date":"2008-05-17T17:32:06","date_gmt":"2008-05-17T16:32:06","guid":{"rendered":"https:\/\/uruloki.org\/felipeblog\/privacidad"},"modified":"2008-05-17T17:32:06","modified_gmt":"2008-05-17T16:32:06","slug":"privacidad","status":"publish","type":"page","link":"https:\/\/www.uruloki.org\/felipeblog\/privacidad","title":{"rendered":"Privacidad"},"content":{"rendered":"<p><strong>POLITICA DE PRIVACIDAD<\/strong><\/p>\n<p>Nuestra pol&iacute;tica de privacidad describe como recogemos, guardamos o utilizamos la informaci&oacute;n que recabamos a trav&eacute;s de los diferentes servicios o p&aacute;ginas disponibles en este sitio. Es importante que entienda que informaci&oacute;n recogemos y como la utilizamos ya que el acceso a este sitio implica la aceptaci&oacute;n nuestra pol&iacute;tica de privacidad.<\/p>\n<p><strong>Cookies<\/strong><\/p>\n<p>El acceso a este puede implicar la utilizaci&oacute;n de cookies. Las cookies son peque&ntilde;as cantidades de informaci&oacute;n que se almacenan en el navegador utilizado por cada usuario para que el servidor recuerde cierta informaci&oacute;n que posteriormente pueda utilizar. Esta informaci&oacute;n permite identificarle a usted como un usuario concreto y permite guardar sus preferencias personales, as&iacute; como informaci&oacute;n t&eacute;cnica como puedan ser visitas o p&aacute;ginas concretas que visite.<\/p>\n<p>Aquellos usuarios que no deseen recibir cookies o quieran ser informados antes de que se almacenen en su ordenador, pueden configurar su navegador a tal efecto.<\/p>\n<p>La mayor parte de los navegadores de hoy en d&iacute;a permiten la gesti&oacute;n de las cookies de 3 formas diferentes:<\/p>\n<ol>\n<li> Las cookies no se aceptan nunca.<\/li>\n<li>El navegador pregunta al usuario si se debe aceptar cada cookie.<\/li>\n<li>Las cookies se aceptan siempre.<\/li>\n<\/ol>\n<p>El navegador tambi&eacute;n puede incluir la posibilidad de especificar mejor qu&eacute; cookies tienen que ser aceptadas y cu&aacute;les no. En concreto, el usuario puede normalmente aceptar alguna de las siguientes opciones: rechazar las cookies de determinados dominios; rechazar las cookies de terceros; aceptar cookies como no persistentes (se eliminan cuando el navegador se cierra); permitir al servidor crear cookies para un dominio diferente. Adem&aacute;s, los navegadores pueden tambi&eacute;n permitir a los usuarios ver y borrar cookies individualmente.<\/p>\n<p>Dispone de m&aacute;s informaci&oacute;n sobre las Cookies en:<br \/>\nhttp:\/\/es.wikipedia.org\/wiki\/Cookie<\/p>\n<p><strong>Web Beacons<\/strong><\/p>\n<p>Este sitio puede albergar tambi&eacute;n web beacons (tambi&eacute;n conocidos por web bugs). Los web beacons suelen ser peque&ntilde;as im&aacute;genes de un pixel por un pixel, visibles o invisibles colocados dentro del c&oacute;digo fuente de las p&aacute;ginas web de un sitio. Los Web beacons sirven y se utilizan de una forma similar a las cookies. Adem&aacute;s, los web beacons suelen utilizarse para medir el tr&aacute;fico de usuarios que visitan una p&aacute;gina web y poder sacar un patr&oacute;n de los usuarios de un sitio.<\/p>\n<p>Dispone de m&aacute;s informaci&oacute;n sobre los web beacons en: http:\/\/es.wikipedia.org\/wiki\/Web_bug<\/p>\n<p><strong>Terceros<\/strong><\/p>\n<p>En algunos casos, compartimos informaci&oacute;n sobre los visitantes de este sitio de forma an&oacute;nima o agregada con terceros como puedan ser anunciantes, patrocinadores o auditores con el &uacute;nico fin de mejorar nuestros servicios. Todas estas tareas de procesamiento ser&aacute;n reguladas seg&uacute;n las normas legales y se respetar&aacute;n todos sus derechos en materia de protecci&oacute;n de datos conforme a la regulaci&oacute;n vigente.<\/p>\n<p>Este sitio mide el tr&aacute;fico con diferentes soluciones que pueden utilizar cookies o web beacons para analizar lo que sucede en nuestras p&aacute;ginas. Actualmente utilizamos las siguientes soluciones para la medici&oacute;n del tr&aacute;fico de este sitio. Puede ver m&aacute;s informaci&oacute;n sobre la pol&iacute;tica de privacidad de cada una de las soluciones utilizadas para tal efecto:<\/p>\n<p><strong>Google (Analytics):<\/strong> http:\/\/www.google.com\/intl\/es_ALL\/privacypolicy.html<\/p>\n<p>Este sitio tambi&eacute;n puede albergar publicidad propia, de afiliados, o de redes publicitarias. Esta publicidad se muestra mediante servidores publicitarios que tambi&eacute;n utilizan cookies para mostrar contenidos publicitarios afines a los usuarios. Cada uno de estos servidores publicitarios dispone de su propia pol&iacute;tica de privacidad, que puede ser consultada en sus propias p&aacute;ginas web.<\/p>\n<p>Actualmente este sitio alberga publicidad de:<\/p>\n<p><strong>Google Adsense:<\/strong> http:\/\/www.google.com\/intl\/es_ALL\/privacypolicy.html<\/p>\n","protected":false},"excerpt":{"rendered":"<p>POLITICA DE PRIVACIDAD Nuestra pol&iacute;tica de privacidad describe como recogemos, guardamos o utilizamos la informaci&oacute;n que recabamos a trav&eacute;s de los diferentes servicios o p&aacute;ginas disponibles en este sitio. Es importante que entienda que informaci&oacute;n recogemos y como la utilizamos ya que el acceso a este sitio implica la aceptaci&oacute;n nuestra pol&iacute;tica de privacidad. Cookies [&hellip;]<\/p>\n","protected":false},"author":28,"featured_media":0,"parent":0,"menu_order":0,"comment_status":"open","ping_status":"open","template":"","meta":{"footnotes":""},"class_list":["post-1446","page","type-page","status-publish","hentry"],"yoast_head":"<!-- This site is optimized with the Yoast SEO plugin v27.5 - https:\/\/yoast.com\/product\/yoast-seo-wordpress\/ -->\n<title>Privacidad - Uruloki :: Blog<\/title>\n<meta name=\"robots\" content=\"index, follow, max-snippet:-1, max-image-preview:large, max-video-preview:-1\" \/>\n<link rel=\"canonical\" href=\"https:\/\/www.uruloki.org\/felipeblog\/privacidad\" \/>\n<meta property=\"og:locale\" content=\"es_ES\" \/>\n<meta property=\"og:type\" content=\"article\" \/>\n<meta property=\"og:title\" content=\"Privacidad - Uruloki :: Blog\" \/>\n<meta property=\"og:description\" content=\"POLITICA DE PRIVACIDAD Nuestra pol&iacute;tica de privacidad describe como recogemos, guardamos o utilizamos la informaci&oacute;n que recabamos a trav&eacute;s de los diferentes servicios o p&aacute;ginas disponibles en este sitio. Es importante que entienda que informaci&oacute;n recogemos y como la utilizamos ya que el acceso a este sitio implica la aceptaci&oacute;n nuestra pol&iacute;tica de privacidad. Cookies [&hellip;]\" \/>\n<meta property=\"og:url\" content=\"https:\/\/www.uruloki.org\/felipeblog\/privacidad\" \/>\n<meta property=\"og:site_name\" content=\"Uruloki :: Blog\" \/>\n<meta property=\"article:publisher\" content=\"https:\/\/www.facebook.com\/uruloki.org\" \/>\n<meta name=\"twitter:card\" content=\"summary_large_image\" \/>\n<meta name=\"twitter:site\" content=\"@uruloki\" \/>\n<meta name=\"twitter:label1\" content=\"Tiempo de lectura\" \/>\n\t<meta name=\"twitter:data1\" content=\"3 minutos\" \/>\n<script type=\"application\/ld+json\" class=\"yoast-schema-graph\">{\"@context\":\"https:\\\/\\\/schema.org\",\"@graph\":[{\"@type\":\"WebPage\",\"@id\":\"https:\\\/\\\/www.uruloki.org\\\/felipeblog\\\/privacidad\",\"url\":\"https:\\\/\\\/www.uruloki.org\\\/felipeblog\\\/privacidad\",\"name\":\"Privacidad - Uruloki :: Blog\",\"isPartOf\":{\"@id\":\"https:\\\/\\\/www.uruloki.org\\\/felipeblog\\\/#website\"},\"datePublished\":\"2008-05-17T16:32:06+00:00\",\"breadcrumb\":{\"@id\":\"https:\\\/\\\/www.uruloki.org\\\/felipeblog\\\/privacidad#breadcrumb\"},\"inLanguage\":\"es\",\"potentialAction\":[{\"@type\":\"ReadAction\",\"target\":[\"https:\\\/\\\/www.uruloki.org\\\/felipeblog\\\/privacidad\"]}]},{\"@type\":\"BreadcrumbList\",\"@id\":\"https:\\\/\\\/www.uruloki.org\\\/felipeblog\\\/privacidad#breadcrumb\",\"itemListElement\":[{\"@type\":\"ListItem\",\"position\":1,\"name\":\"Portada\",\"item\":\"https:\\\/\\\/www.uruloki.org\\\/felipeblog\"},{\"@type\":\"ListItem\",\"position\":2,\"name\":\"Privacidad\"}]},{\"@type\":\"WebSite\",\"@id\":\"https:\\\/\\\/www.uruloki.org\\\/felipeblog\\\/#website\",\"url\":\"https:\\\/\\\/www.uruloki.org\\\/felipeblog\\\/\",\"name\":\"Uruloki :: Blog\",\"description\":\"Blog de cine, terror, ciencia ficci\u00f3n, fantas\u00eda y c\u00f3mics\",\"potentialAction\":[{\"@type\":\"SearchAction\",\"target\":{\"@type\":\"EntryPoint\",\"urlTemplate\":\"https:\\\/\\\/www.uruloki.org\\\/felipeblog\\\/?s={search_term_string}\"},\"query-input\":{\"@type\":\"PropertyValueSpecification\",\"valueRequired\":true,\"valueName\":\"search_term_string\"}}],\"inLanguage\":\"es\"}]}<\/script>\n<!-- \/ Yoast SEO plugin. -->","yoast_head_json":{"title":"Privacidad - Uruloki :: Blog","robots":{"index":"index","follow":"follow","max-snippet":"max-snippet:-1","max-image-preview":"max-image-preview:large","max-video-preview":"max-video-preview:-1"},"canonical":"https:\/\/www.uruloki.org\/felipeblog\/privacidad","og_locale":"es_ES","og_type":"article","og_title":"Privacidad - Uruloki :: Blog","og_description":"POLITICA DE PRIVACIDAD Nuestra pol&iacute;tica de privacidad describe como recogemos, guardamos o utilizamos la informaci&oacute;n que recabamos a trav&eacute;s de los diferentes servicios o p&aacute;ginas disponibles en este sitio. Es importante que entienda que informaci&oacute;n recogemos y como la utilizamos ya que el acceso a este sitio implica la aceptaci&oacute;n nuestra pol&iacute;tica de privacidad. Cookies [&hellip;]","og_url":"https:\/\/www.uruloki.org\/felipeblog\/privacidad","og_site_name":"Uruloki :: Blog","article_publisher":"https:\/\/www.facebook.com\/uruloki.org","twitter_card":"summary_large_image","twitter_site":"@uruloki","twitter_misc":{"Tiempo de lectura":"3 minutos"},"schema":{"@context":"https:\/\/schema.org","@graph":[{"@type":"WebPage","@id":"https:\/\/www.uruloki.org\/felipeblog\/privacidad","url":"https:\/\/www.uruloki.org\/felipeblog\/privacidad","name":"Privacidad - Uruloki :: Blog","isPartOf":{"@id":"https:\/\/www.uruloki.org\/felipeblog\/#website"},"datePublished":"2008-05-17T16:32:06+00:00","breadcrumb":{"@id":"https:\/\/www.uruloki.org\/felipeblog\/privacidad#breadcrumb"},"inLanguage":"es","potentialAction":[{"@type":"ReadAction","target":["https:\/\/www.uruloki.org\/felipeblog\/privacidad"]}]},{"@type":"BreadcrumbList","@id":"https:\/\/www.uruloki.org\/felipeblog\/privacidad#breadcrumb","itemListElement":[{"@type":"ListItem","position":1,"name":"Portada","item":"https:\/\/www.uruloki.org\/felipeblog"},{"@type":"ListItem","position":2,"name":"Privacidad"}]},{"@type":"WebSite","@id":"https:\/\/www.uruloki.org\/felipeblog\/#website","url":"https:\/\/www.uruloki.org\/felipeblog\/","name":"Uruloki :: Blog","description":"Blog de cine, terror, ciencia ficci\u00f3n, fantas\u00eda y c\u00f3mics","potentialAction":[{"@type":"SearchAction","target":{"@type":"EntryPoint","urlTemplate":"https:\/\/www.uruloki.org\/felipeblog\/?s={search_term_string}"},"query-input":{"@type":"PropertyValueSpecification","valueRequired":true,"valueName":"search_term_string"}}],"inLanguage":"es"}]}},"_links":{"self":[{"href":"https:\/\/www.uruloki.org\/felipeblog\/wp-json\/wp\/v2\/pages\/1446","targetHints":{"allow":["GET"]}}],"collection":[{"href":"https:\/\/www.uruloki.org\/felipeblog\/wp-json\/wp\/v2\/pages"}],"about":[{"href":"https:\/\/www.uruloki.org\/felipeblog\/wp-json\/wp\/v2\/types\/page"}],"author":[{"embeddable":true,"href":"https:\/\/www.uruloki.org\/felipeblog\/wp-json\/wp\/v2\/users\/28"}],"replies":[{"embeddable":true,"href":"https:\/\/www.uruloki.org\/felipeblog\/wp-json\/wp\/v2\/comments?post=1446"}],"version-history":[{"count":0,"href":"https:\/\/www.uruloki.org\/felipeblog\/wp-json\/wp\/v2\/pages\/1446\/revisions"}],"wp:attachment":[{"href":"https:\/\/www.uruloki.org\/felipeblog\/wp-json\/wp\/v2\/media?parent=1446"}],"curies":[{"name":"wp","href":"https:\/\/api.w.org\/{rel}","templated":true}]}}